{"id":12,"date":"2012-08-09T13:08:02","date_gmt":"2012-08-09T11:08:02","guid":{"rendered":"http:\/\/www.guerir.ch\/wordpress\/?page_id=12"},"modified":"2026-09-06T00:18:22","modified_gmt":"2026-09-05T22:18:22","slug":"contact","status":"publish","type":"page","link":"https:\/\/new.guerir.ch\/?page_id=12","title":{"rendered":"Contact"},"content":{"rendered":"\n<div class=\"wp-block-columns is-layout-flex wp-container-core-columns-is-layout-ae7010f9 wp-block-columns-is-layout-flex\">\n<div class=\"wp-block-column is-layout-flow wp-block-column-is-layout-flow\">\n<div class=\"wp-block-group has-border-color has-background\" style=\"border-color:#E7DFCF;border-width:1px;border-radius:4px;background-color:#ffffff;margin-bottom:20px;padding:26px 28px\"><div class=\"wp-block-group__inner-container is-layout-constrained wp-container-core-group-is-layout-e6c83767 wp-block-group-is-layout-constrained\">\n<h3 class=\"wp-block-heading\" style=\"color:#8C8579;margin-bottom:1rem;font-size:13px;font-style:normal;font-weight:600;letter-spacing:0.09em;text-transform:uppercase\">Contact<\/h3>\n\n<p class=\"wp-block-paragraph\" style=\"color:#3F4046;font-size:16px;line-height:1.65\"><strong style=\"font-size:18px;color:#2A2B2F\">Marc Isenschmid<\/strong><\/p>\n\n<p class=\"wp-block-paragraph\" style=\"color:#3F4046;font-size:16px;line-height:1.65\"><a href=\"mailto:info@portesdeconscience.ch\"><strong>info@portesdeconscience.ch<\/strong><\/a><br>ou<br><a href=\"mailto:info@guerir.ch\"><strong>info@guerir.ch<\/strong><\/a><\/p>\n<\/div><\/div>\n\n<div class=\"wp-block-group has-border-color has-background\" style=\"border-color:#E7DFCF;border-width:1px;border-radius:4px;background-color:#ffffff;margin-bottom:20px;padding:26px 28px\"><div class=\"wp-block-group__inner-container is-layout-constrained wp-container-core-group-is-layout-e6c83767 wp-block-group-is-layout-constrained\">\n<h3 class=\"wp-block-heading\" style=\"color:#8C8579;margin-bottom:1rem;font-size:13px;font-style:normal;font-weight:600;letter-spacing:0.09em;text-transform:uppercase\">Prendre un rendez-vous<\/h3>\n\n<p class=\"wp-block-paragraph\" style=\"color:#3F4046;font-size:16px;line-height:1.65\"><strong>Uniquement par email !<\/strong><\/p>\n\n<p class=\"wp-block-paragraph\" style=\"color:#3F4046;font-size:16px;line-height:1.65\"><strong>Mes s\u00e9ances se font uniquement \u00e0 distance par Facetime, Teams, Zoom ou Google Meet.<\/strong><\/p>\n\n<p class=\"wp-block-paragraph\" style=\"color:#3F4046;font-size:16px;line-height:1.65\">Je consulte le mercredi \u00e0 Yverdon ! L\u2019adresse : Rue du milieu 19, Centre Veya la Sant\u00e9.<\/p>\n<\/div><\/div>\n\n<div class=\"wp-block-group has-border-color has-background\" style=\"border-color:#E7DFCF;border-width:1px;border-radius:4px;background-color:#ffffff;margin-bottom:20px;padding:26px 28px\"><div class=\"wp-block-group__inner-container is-layout-constrained wp-container-core-group-is-layout-e6c83767 wp-block-group-is-layout-constrained\">\n<h3 class=\"wp-block-heading\" style=\"color:#8C8579;margin-bottom:1rem;font-size:13px;font-style:normal;font-weight:600;letter-spacing:0.09em;text-transform:uppercase\">Horaires des consultations<\/h3>\n\n<p class=\"wp-block-paragraph\" style=\"color:#3F4046;font-size:16px;line-height:1.65\">Du lundi au vendredi de 10h \u00e0 19h ou selon vos demandes. Consultation de 55 minutes.<\/p>\n<\/div><\/div>\n\n<div class=\"wp-block-group has-border-color has-background\" style=\"border-color:#E7DFCF;border-width:1px;border-left-color:#F0D818;border-left-width:3px;border-radius:4px;background-color:#F5EEE1;margin-bottom:20px;padding:26px 28px\"><div class=\"wp-block-group__inner-container is-layout-constrained wp-container-core-group-is-layout-e6c83767 wp-block-group-is-layout-constrained\">\n<p class=\"wp-block-paragraph\" style=\"color:#3F4046;font-size:15px;line-height:1.65\"><strong>Veuillez modifier vos rendez-vous au minimum 24 heures avant, sinon la s\u00e9ance vous est factur\u00e9e CHF 120.\u2013. Les oublis sont aussi factur\u00e9s : quand vous r\u00e9servez mon temps, vous devez le payer que vous ayez profit\u00e9 de la s\u00e9ance ou pas.<\/strong><\/p>\n<\/div><\/div>\n\n<div class=\"wp-block-group has-border-color has-background\" style=\"border-color:#E7DFCF;border-width:1px;border-radius:4px;background-color:#ffffff;margin-bottom:20px;padding:26px 28px\"><div class=\"wp-block-group__inner-container is-layout-constrained wp-container-core-group-is-layout-e6c83767 wp-block-group-is-layout-constrained\">\n<h3 class=\"wp-block-heading\" style=\"color:#8C8579;margin-bottom:1rem;font-size:13px;font-style:normal;font-weight:600;letter-spacing:0.09em;text-transform:uppercase\">Modifier ou annuler un rendez-vous<\/h3>\n\n<p class=\"wp-block-paragraph\" style=\"color:#3F4046;font-size:16px;line-height:1.65\"><strong>L\u2019annulation ou la modification de rendez-vous se font par email \u00e0 l\u2019adresse ci-dessus.<\/strong><\/p>\n\n<p class=\"wp-block-paragraph\" style=\"color:#3F4046;font-size:16px;line-height:1.65\">Si vous avez un doute concernant votre annulation de rendez-vous, demandez-moi confirmation de r\u00e9ception.<\/p>\n\n<p class=\"wp-block-paragraph\" style=\"color:#3F4046;font-size:16px;line-height:1.65\">N\u2019oubliez pas que c\u2019est l\u2019email et le SMS de Onedoc, mon logiciel de gestion des rendez-vous, qui fait foi. Si vous avez not\u00e9 autre chose, contactez-moi pour v\u00e9rifier au minimum 24h avant le rendez-vous.<\/p>\n<\/div><\/div>\n<\/div>\n\n\n<div class=\"wp-block-column is-layout-flow wp-block-column-is-layout-flow\">\n<div class=\"wp-block-group has-border-color has-background\" style=\"border-color:#E7DFCF;border-width:1px;border-radius:4px;background-color:#ffffff;margin-bottom:20px;padding:26px 28px\"><div class=\"wp-block-group__inner-container is-layout-constrained wp-container-core-group-is-layout-e6c83767 wp-block-group-is-layout-constrained\">\n<h3 class=\"wp-block-heading\" style=\"color:#8C8579;margin-bottom:1rem;font-size:13px;font-style:normal;font-weight:600;letter-spacing:0.09em;text-transform:uppercase\">Tarifs<\/h3>\n\n<p class=\"wp-block-paragraph\" style=\"color:#3F4046;font-size:16px;line-height:1.65\"><span style=\"text-decoration:underline\">Pour b\u00e9n\u00e9ficier d\u2019une r\u00e9duction, vous devez m\u2019envoyer une preuve de votre salaire<\/span>. Merci de ne pas abuser, j\u2019essaie d\u2019aider mes patients le plus possible. Les prix ci-dessous sont pour une s\u00e9ance de 55 minutes.<\/p>\n\n<figure class=\"wp-block-table is-style-stripes\" style=\"font-size:16px\"><table><tbody>\n<tr><td>Revenu &lt; 2000.\u2013 CHF\/\u20ac<\/td><td><strong>80 CHF\/\u20ac<\/strong><\/td><\/tr>\n<tr><td>Revenu &lt; 3000.\u2013 CHF\/\u20ac<\/td><td><strong>90 CHF\/\u20ac<\/strong><\/td><\/tr>\n<tr><td>Revenu &lt; 4000.\u2013 CHF\/\u20ac<\/td><td><strong>120 CHF\/\u20ac<\/strong><\/td><\/tr>\n<tr><td>Revenu &gt; 4000.\u2013 CHF\/\u20ac<\/td><td><strong>150 CHF\/\u20ac<\/strong><\/td><\/tr>\n<\/tbody><\/table><\/figure>\n\n<p class=\"wp-block-paragraph\" style=\"color:#3F4046;font-size:15px;line-height:1.65\"><strong>Suite \u00e0 de tr\u00e8s nombreuses demandes pour faire des tarifs moins chers, j\u2019ai d\u2019abord d\u00e9cid\u00e9 de faire des actions ponctuelles, mais cela a de moins en moins de sens vu que les demandes continuent. D\u00e8s lors j\u2019ai d\u00e9cid\u00e9 de faire une tarification en fonction de votre revenu. Les Suisses paieront en francs suisses, les Europ\u00e9ens en euros.<\/strong><\/p>\n<\/div><\/div>\n\n<div class=\"wp-block-group has-border-color has-background\" style=\"border-color:#E7DFCF;border-width:1px;border-radius:4px;background-color:#ffffff;margin-bottom:20px;padding:26px 28px\"><div class=\"wp-block-group__inner-container is-layout-constrained wp-container-core-group-is-layout-e6c83767 wp-block-group-is-layout-constrained\">\n<h3 class=\"wp-block-heading\" style=\"color:#8C8579;margin-bottom:1rem;font-size:13px;font-style:normal;font-weight:600;letter-spacing:0.09em;text-transform:uppercase\">Paiements des s\u00e9ances et des cours<\/h3>\n\n<p class=\"wp-block-paragraph\" style=\"color:#3F4046;font-size:16px;line-height:1.65\">Si vous faites une s\u00e9ance \u00e0 distance, je vous envoie une <strong>facture par email<\/strong> (ce sera un email de <strong>Onedoc<\/strong>, mon syst\u00e8me de facturation) avant la s\u00e9ance ou \u00e0 l\u2019issue de la s\u00e9ance ; vous y trouverez mon IBAN.<\/p>\n\n<p class=\"wp-block-paragraph\" style=\"color:#3F4046;font-size:16px;line-height:1.65\">Si vous habitez dans un autre pays, voici mon BIC\/RIB\/SWIFT :<br><strong>POFICHBEXXX<\/strong>, Postfinance AG, 3030 Berne, Suisse<\/p>\n\n<p class=\"wp-block-paragraph\" style=\"color:#3F4046;font-size:16px;line-height:1.65\"><strong>Attention, <span style=\"text-decoration:underline\">pour les cours, merci de me payer sur un autre compte<\/span> de mani\u00e8re \u00e0 faciliter ma comptabilit\u00e9 : <a href=\"\/?page_id=33\">inscription aux cours<\/a>.<\/strong><\/p>\n<\/div><\/div>\n<\/div>\n<\/div>\n","protected":false},"excerpt":{"rendered":"<p>Contact Marc Isenschmid info@portesdeconscience.chouinfo@guerir.ch Prendre un rendez-vous Uniquement par email ! Mes s\u00e9ances se font uniquement \u00e0 distance par Facetime, Teams, Zoom ou Google Meet. Je consulte le mercredi \u00e0 Yverdon ! L\u2019adresse : Rue du milieu 19, Centre Veya la Sant\u00e9. Horaires des consultations Du lundi au vendredi de 10h \u00e0 19h ou selon&#8230;<\/p>\n","protected":false},"author":1,"featured_media":877,"parent":0,"menu_order":0,"comment_status":"closed","ping_status":"closed","template":"","meta":{"_kad_post_transparent":"","_kad_post_title":"","_kad_post_layout":"normal","_kad_post_sidebar_id":"","_kad_post_content_style":"","_kad_post_vertical_padding":"","_kad_post_feature":"","_kad_post_feature_position":"","_kad_post_header":false,"_kad_post_footer":false,"_kad_post_classname":"","footnotes":""},"class_list":["post-12","page","type-page","status-publish","has-post-thumbnail","hentry"],"_links":{"self":[{"href":"https:\/\/new.guerir.ch\/index.php?rest_route=\/wp\/v2\/pages\/12","targetHints":{"allow":["GET"]}}],"collection":[{"href":"https:\/\/new.guerir.ch\/index.php?rest_route=\/wp\/v2\/pages"}],"about":[{"href":"https:\/\/new.guerir.ch\/index.php?rest_route=\/wp\/v2\/types\/page"}],"author":[{"embeddable":true,"href":"https:\/\/new.guerir.ch\/index.php?rest_route=\/wp\/v2\/users\/1"}],"replies":[{"embeddable":true,"href":"https:\/\/new.guerir.ch\/index.php?rest_route=%2Fwp%2Fv2%2Fcomments&post=12"}],"version-history":[{"count":40,"href":"https:\/\/new.guerir.ch\/index.php?rest_route=\/wp\/v2\/pages\/12\/revisions"}],"predecessor-version":[{"id":4512,"href":"https:\/\/new.guerir.ch\/index.php?rest_route=\/wp\/v2\/pages\/12\/revisions\/4512"}],"wp:featuredmedia":[{"embeddable":true,"href":"https:\/\/new.guerir.ch\/index.php?rest_route=\/wp\/v2\/media\/877"}],"wp:attachment":[{"href":"https:\/\/new.guerir.ch\/index.php?rest_route=%2Fwp%2Fv2%2Fmedia&parent=12"}],"curies":[{"name":"wp","href":"https:\/\/api.w.org\/{rel}","templated":true}]}}

<div class="wp-block-columns is-layout-flex wp-container-core-columns-is-layout-ae7010f9 wp-block-columns-is-layout-flex">
<div class="wp-block-column is-layout-flow wp-block-column-is-layout-flow">
<div class="wp-block-group has-border-color has-background" style="border-color:#E7DFCF;border-width:1px;border-radius:4px;background-color:#ffffff;margin-bottom:20px;padding:26px 28px"><div class="wp-block-group__inner-container is-layout-constrained wp-container-core-group-is-layout-e6c83767 wp-block-group-is-layout-constrained">
<h3 class="wp-block-heading" style="color:#8C8579;margin-bottom:1rem;font-size:13px;font-style:normal;font-weight:600;letter-spacing:0.09em;text-transform:uppercase">Contact</h3>

<p class="wp-block-paragraph" style="color:#3F4046;font-size:16px;line-height:1.65"><strong style="font-size:18px;color:#2A2B2F">Marc Isenschmid</strong></p>

<p class="wp-block-paragraph" style="color:#3F4046;font-size:16px;line-height:1.65"><a href="mailto:info@portesdeconscience.ch"><strong>info@portesdeconscience.ch</strong></a><br>ou<br><a href="mailto:info@guerir.ch"><strong>info@guerir.ch</strong></a></p>
</div></div>

<div class="wp-block-group has-border-color has-background" style="border-color:#E7DFCF;border-width:1px;border-radius:4px;background-color:#ffffff;margin-bottom:20px;padding:26px 28px"><div class="wp-block-group__inner-container is-layout-constrained wp-container-core-group-is-layout-e6c83767 wp-block-group-is-layout-constrained">
<h3 class="wp-block-heading" style="color:#8C8579;margin-bottom:1rem;font-size:13px;font-style:normal;font-weight:600;letter-spacing:0.09em;text-transform:uppercase">Prendre un rendez-vous</h3>

<p class="wp-block-paragraph" style="color:#3F4046;font-size:16px;line-height:1.65"><strong>Uniquement par email !</strong></p>

<p class="wp-block-paragraph" style="color:#3F4046;font-size:16px;line-height:1.65"><strong>Mes séances se font uniquement à distance par Facetime, Teams, Zoom ou Google Meet.</strong></p>

<p class="wp-block-paragraph" style="color:#3F4046;font-size:16px;line-height:1.65">Je consulte le mercredi à Yverdon ! L’adresse : Rue du milieu 19, Centre Veya la Santé.</p>
</div></div>

<div class="wp-block-group has-border-color has-background" style="border-color:#E7DFCF;border-width:1px;border-radius:4px;background-color:#ffffff;margin-bottom:20px;padding:26px 28px"><div class="wp-block-group__inner-container is-layout-constrained wp-container-core-group-is-layout-e6c83767 wp-block-group-is-layout-constrained">
<h3 class="wp-block-heading" style="color:#8C8579;margin-bottom:1rem;font-size:13px;font-style:normal;font-weight:600;letter-spacing:0.09em;text-transform:uppercase">Horaires des consultations</h3>

<p class="wp-block-paragraph" style="color:#3F4046;font-size:16px;line-height:1.65">Du lundi au vendredi de 10h à 19h ou selon vos demandes. Consultation de 55 minutes.</p>
</div></div>

<div class="wp-block-group has-border-color has-background" style="border-color:#E7DFCF;border-width:1px;border-left-color:#F0D818;border-left-width:3px;border-radius:4px;background-color:#F5EEE1;margin-bottom:20px;padding:26px 28px"><div class="wp-block-group__inner-container is-layout-constrained wp-container-core-group-is-layout-e6c83767 wp-block-group-is-layout-constrained">
<p class="wp-block-paragraph" style="color:#3F4046;font-size:15px;line-height:1.65"><strong>Veuillez modifier vos rendez-vous au minimum 24 heures avant, sinon la séance vous est facturée CHF 120.–. Les oublis sont aussi facturés : quand vous réservez mon temps, vous devez le payer que vous ayez profité de la séance ou pas.</strong></p>
</div></div>

<div class="wp-block-group has-border-color has-background" style="border-color:#E7DFCF;border-width:1px;border-radius:4px;background-color:#ffffff;margin-bottom:20px;padding:26px 28px"><div class="wp-block-group__inner-container is-layout-constrained wp-container-core-group-is-layout-e6c83767 wp-block-group-is-layout-constrained">
<h3 class="wp-block-heading" style="color:#8C8579;margin-bottom:1rem;font-size:13px;font-style:normal;font-weight:600;letter-spacing:0.09em;text-transform:uppercase">Modifier ou annuler un rendez-vous</h3>

<p class="wp-block-paragraph" style="color:#3F4046;font-size:16px;line-height:1.65"><strong>L’annulation ou la modification de rendez-vous se font par email à l’adresse ci-dessus.</strong></p>

<p class="wp-block-paragraph" style="color:#3F4046;font-size:16px;line-height:1.65">Si vous avez un doute concernant votre annulation de rendez-vous, demandez-moi confirmation de réception.</p>

<p class="wp-block-paragraph" style="color:#3F4046;font-size:16px;line-height:1.65">N’oubliez pas que c’est l’email et le SMS de Onedoc, mon logiciel de gestion des rendez-vous, qui fait foi. Si vous avez noté autre chose, contactez-moi pour vérifier au minimum 24h avant le rendez-vous.</p>
</div></div>
</div>


<div class="wp-block-column is-layout-flow wp-block-column-is-layout-flow">
<div class="wp-block-group has-border-color has-background" style="border-color:#E7DFCF;border-width:1px;border-radius:4px;background-color:#ffffff;margin-bottom:20px;padding:26px 28px"><div class="wp-block-group__inner-container is-layout-constrained wp-container-core-group-is-layout-e6c83767 wp-block-group-is-layout-constrained">
<h3 class="wp-block-heading" style="color:#8C8579;margin-bottom:1rem;font-size:13px;font-style:normal;font-weight:600;letter-spacing:0.09em;text-transform:uppercase">Tarifs</h3>

<p class="wp-block-paragraph" style="color:#3F4046;font-size:16px;line-height:1.65"><span style="text-decoration:underline">Pour bénéficier d’une réduction, vous devez m’envoyer une preuve de votre salaire</span>. Merci de ne pas abuser, j’essaie d’aider mes patients le plus possible. Les prix ci-dessous sont pour une séance de 55 minutes.</p>

<figure class="wp-block-table is-style-stripes" style="font-size:16px"><table><tbody>
<tr><td>Revenu &lt; 2000.– CHF/€</td><td><strong>80 CHF/€</strong></td></tr>
<tr><td>Revenu &lt; 3000.– CHF/€</td><td><strong>90 CHF/€</strong></td></tr>
<tr><td>Revenu &lt; 4000.– CHF/€</td><td><strong>120 CHF/€</strong></td></tr>
<tr><td>Revenu &gt; 4000.– CHF/€</td><td><strong>150 CHF/€</strong></td></tr>
</tbody></table></figure>

<p class="wp-block-paragraph" style="color:#3F4046;font-size:15px;line-height:1.65"><strong>Suite à de très nombreuses demandes pour faire des tarifs moins chers, j’ai d’abord décidé de faire des actions ponctuelles, mais cela a de moins en moins de sens vu que les demandes continuent. Dès lors j’ai décidé de faire une tarification en fonction de votre revenu. Les Suisses paieront en francs suisses, les Européens en euros.</strong></p>
</div></div>

<div class="wp-block-group has-border-color has-background" style="border-color:#E7DFCF;border-width:1px;border-radius:4px;background-color:#ffffff;margin-bottom:20px;padding:26px 28px"><div class="wp-block-group__inner-container is-layout-constrained wp-container-core-group-is-layout-e6c83767 wp-block-group-is-layout-constrained">
<h3 class="wp-block-heading" style="color:#8C8579;margin-bottom:1rem;font-size:13px;font-style:normal;font-weight:600;letter-spacing:0.09em;text-transform:uppercase">Paiements des séances et des cours</h3>

<p class="wp-block-paragraph" style="color:#3F4046;font-size:16px;line-height:1.65">Si vous faites une séance à distance, je vous envoie une <strong>facture par email</strong> (ce sera un email de <strong>Onedoc</strong>, mon système de facturation) avant la séance ou à l’issue de la séance ; vous y trouverez mon IBAN.</p>

<p class="wp-block-paragraph" style="color:#3F4046;font-size:16px;line-height:1.65">Si vous habitez dans un autre pays, voici mon BIC/RIB/SWIFT :<br><strong>POFICHBEXXX</strong>, Postfinance AG, 3030 Berne, Suisse</p>

<p class="wp-block-paragraph" style="color:#3F4046;font-size:16px;line-height:1.65"><strong>Attention, <span style="text-decoration:underline">pour les cours, merci de me payer sur un autre compte</span> de manière à faciliter ma comptabilité : <a href="/?page_id=33">inscription aux cours</a>.</strong></p>
</div></div>
</div>
</div>

<p>Contact Marc Isenschmid info@portesdeconscience.chouinfo@guerir.ch Prendre un rendez-vous Uniquement par email ! Mes séances se font uniquement à distance par Facetime, Teams, Zoom ou Google Meet. Je consulte le mercredi à Yverdon ! L’adresse : Rue du milieu 19, Centre Veya la Santé. Horaires des consultations Du lundi au vendredi de 10h à 19h ou selon&#8230;</p>
