{"id":1288,"date":"2024-11-05T11:45:03","date_gmt":"2024-11-05T10:45:03","guid":{"rendered":"https:\/\/www.guerir.ch\/?page_id=1288"},"modified":"2026-09-05T22:47:36","modified_gmt":"2026-09-05T20:47:36","slug":"la-mort-nest-pas-une-fin","status":"publish","type":"page","link":"https:\/\/new.guerir.ch\/?page_id=1288","title":{"rendered":"La mort n&rsquo;est pas une fin"},"content":{"rendered":"<div class=\"wp-block-image is-style-default\">\n<figure class=\"alignleft size-medium is-resized\"><a href=\"https:\/\/www.amazon.fr\/mort-nest-pas-une-fin\/dp\/2716318387\" target=\"_blank\" rel=\" noreferrer noopener\"><img loading=\"lazy\" decoding=\"async\" width=\"204\" height=\"300\" src=\"https:\/\/new.guerir.ch\/wp-content\/uploads\/2024\/05\/couv_mort_pas_fin-204x300.jpeg\" alt=\"\" class=\"wp-image-1256\" style=\"width:251px;height:364px\" srcset=\"https:\/\/new.guerir.ch\/wp-content\/uploads\/2024\/05\/couv_mort_pas_fin-204x300.jpeg 204w, https:\/\/new.guerir.ch\/wp-content\/uploads\/2024\/05\/couv_mort_pas_fin.jpeg 248w\" sizes=\"auto, (max-width: 204px) 100vw, 204px\" \/><\/a><\/figure>\n<\/div>\n\n\n<p class=\"has-drop-cap wp-block-paragraph\">Mon quatri\u00e8me livre, publi\u00e9 aux <strong><a href=\"https:\/\/editionsdudauphin.com\/author-book\/isenschmid-marc\" data-type=\"link\" data-id=\"https:\/\/editionsdudauphin.com\/author-book\/isenschmid-marc\" target=\"_blank\" rel=\"noreferrer noopener\">\u00e9ditions du Dauphin<\/a><\/strong>, porte sur le d\u00e9roulement de la mort et la transmigration de l&rsquo;\u00e2me. Je donne dans ce livre une sorte de carte routi\u00e8re de la mort, un plan des 5 \u00e9tapes qui nous attendent et comment les \u00ab\u00a0vivre\u00a0\u00bb au mieux jusqu&rsquo;\u00e0 notre nouvelle naissance. Mon souhait est de vous amener \u00e0 revisiter vos croyances sur la mort pour cesser d&rsquo;en avoir peur.<\/p>\n\n\n\n<p class=\"wp-block-paragraph\">Je vois les vies ant\u00e9rieures depuis plus de vingt ans. Tous mes patients ont b\u00e9n\u00e9fici\u00e9 de ma clairvoyance dans leurs soins et j&rsquo;ai utilis\u00e9 des corrections pour llib\u00e9rer des traumatismes, des blocages, des souffrances et m\u00e9moires issues de vies ant\u00e9rieures des milliers de fois. Quand on observe les vies ant\u00e9rieures de quelqu&rsquo;un pour l&rsquo;aider avec un probl\u00e8me actuel, il est rare de voir des vies ant\u00e9rieures qui se passent bien. En g\u00e9n\u00e9ral on voit des probl\u00e8mes, des maladies, des probl\u00e8mes relationnels et souvent des morts. Il est donc normal que mon regard se soit dirig\u00e9 un jour sur la transmigration de l&rsquo;\u00e2me, sur le comment \u00e7a se passe.<\/p>\n\n\n\n<p class=\"wp-block-paragraph\">Mes exp\u00e9riences personnelles (rebirth, transes, hypnoses, constellations&#8230;) et mes exp\u00e9riences professionnelles m&rsquo;ont amen\u00e9 un lots d&rsquo;exp\u00e9riences in\u00e9dites sur la mort et ma d\u00e9couverte des 5 \u00e9tapes co\u00efncide assez bien avec les exp\u00e9riences relat\u00e9es dans les NDE telles que les pr\u00e9sentes Raymond Moody ou Elisabeth K\u00fcbler-Ross. Cependant, mes exp\u00e9riences personnelles co\u00efncident encore mieux avec les connaissances bouddhistes tib\u00e9taines sur la mort telles qu&rsquo;elles sont d\u00e9crites par exemple dans le Bardo Th\u00f6dol ou livre des morts tib\u00e9tains.<\/p>\n\n\n\n<p class=\"wp-block-paragraph\">Vous verrez dans le livre qu&rsquo;on peut tirer des parall\u00e8les entre la mort effective du corps et les nombreux moments de deuils, les \u00ab\u00a0petites morts\u00a0\u00bb qu&rsquo;on peut vivre dans la vie. Chaque transition, chaque transformation, est en quelque sorte r\u00e9gie par les 5 \u00e9tapes que vous d\u00e9couvrirez dans ce livre et qui permettent le changement et la r\u00e9silience.<\/p>\n\n\n\n<p class=\"wp-block-paragraph\">Ce livre n&rsquo;est pas, comme mes autres livres, un manuel de th\u00e9rapie. C&rsquo;est un livre plus classique, o\u00f9 je pr\u00e9sente ma vision, mes exp\u00e9riences sur l&rsquo;Au-del\u00e0. Le but de ce livre est d&rsquo;apaiser vos peurs de la mort pour la d\u00e9couvrir enfin comme un outil puissant et positif de transformation qui nous permet de nous renouveller enti\u00e8rement pour recommencer une nouvelle vie sous de meilleurs auspices. <\/p>\n\n\n\n<p class=\"wp-block-paragraph\">Pour ceux, qui ayant lu le livre, sont int\u00e9ress\u00e9s \u00e0 travailler sur leur peur de la mort et sur les 5 \u00e9tapes de mani\u00e8re compl\u00e8te, je vous sugg\u00e8re de venir suivre mon cours : <strong><a href=\"https:\/\/new.guerir.ch\/peur-de-la-mort\/\" data-type=\"post\" data-id=\"710\">Abandonner sa peur de la mort.<\/a><\/strong> Vous trouverez mes dates de cours sur mon <strong><a href=\"https:\/\/new.guerir.ch\/calendrier\/\" data-type=\"post\" data-id=\"114\">calendrier<\/a><\/strong>.<\/p>\n\n\n\n<p class=\"wp-block-paragraph\">Voici le quart de couverture du livre :<\/p>\n\n\n\n<blockquote class=\"wp-block-quote is-layout-flow wp-block-quote-is-layout-flow\">\n<p class=\"wp-block-paragraph\">Pragmatique et original, ce livre est un v\u00e9ritable guide de voyage dans l\u2019au-del\u00e0, o\u00f9 la mort constitue un moment de transformation et de lib\u00e9ration\u2009: l\u2019\u00e2me s\u2019y affranchit des peines et probl\u00e8mes rencontr\u00e9s dans la vie pr\u00e9c\u00e9dente et se nettoie, avant une nouvelle incarnation.<\/p>\n\n\n\n<p class=\"wp-block-paragraph\">Ph\u00e9nom\u00e8ne naturel auquel nul n\u2019\u00e9chappe, mais qui reste tabou dans nos soci\u00e9t\u00e9s, la mort est tr\u00e8s souvent source de terreur ou de col\u00e8re\u2009: on pr\u00e9f\u00e8re ne pas en parler, ne pas l\u2019observer. Elle est rarement v\u00e9cue de mani\u00e8re paisible et suscite de nombreux traumatismes psychologiques chez l\u2019\u00eatre humain.<\/p>\n\n\n\n<p class=\"wp-block-paragraph\">Dans un langage simple et rationnel, l\u2019auteur, qui a d\u00e9velopp\u00e9 des dons de conscience et de clairvoyance particuliers, explique en d\u00e9tail les 5 \u00e9tapes de la mort et de la transmigration de l\u2019\u00e2me \u2013 aliment\u00e9es par ses propres exp\u00e9riences (personnelles et professionnelles) et ses connaissances traditionnelles bouddhistes. En nous ouvrant les portes de l\u2019autre monde, il l\u00e8ve nos croyances limitantes sur la mort et nous montre comment la traverser de mani\u00e8re sereine.<\/p>\n<\/blockquote>\n","protected":false},"excerpt":{"rendered":"<p>Mon quatri\u00e8me livre, publi\u00e9 aux \u00e9ditions du Dauphin, porte sur le d\u00e9roulement de la mort et la transmigration de l&rsquo;\u00e2me. Je donne dans ce livre une sorte de carte routi\u00e8re de la mort, un plan des 5 \u00e9tapes qui nous attendent et comment les \u00ab\u00a0vivre\u00a0\u00bb au mieux jusqu&rsquo;\u00e0 notre nouvelle naissance. Mon souhait est de&#8230;<\/p>\n","protected":false},"author":1,"featured_media":933,"parent":10,"menu_order":0,"comment_status":"closed","ping_status":"closed","template":"","meta":{"_kad_post_transparent":"","_kad_post_title":"","_kad_post_layout":"left","_kad_post_sidebar_id":"sidebar-secondary","_kad_post_content_style":"","_kad_post_vertical_padding":"","_kad_post_feature":"","_kad_post_feature_position":"","_kad_post_header":false,"_kad_post_footer":false,"_kad_post_classname":"","footnotes":""},"class_list":["post-1288","page","type-page","status-publish","has-post-thumbnail","hentry"],"_links":{"self":[{"href":"https:\/\/new.guerir.ch\/index.php?rest_route=\/wp\/v2\/pages\/1288","targetHints":{"allow":["GET"]}}],"collection":[{"href":"https:\/\/new.guerir.ch\/index.php?rest_route=\/wp\/v2\/pages"}],"about":[{"href":"https:\/\/new.guerir.ch\/index.php?rest_route=\/wp\/v2\/types\/page"}],"author":[{"embeddable":true,"href":"https:\/\/new.guerir.ch\/index.php?rest_route=\/wp\/v2\/users\/1"}],"replies":[{"embeddable":true,"href":"https:\/\/new.guerir.ch\/index.php?rest_route=%2Fwp%2Fv2%2Fcomments&post=1288"}],"version-history":[{"count":6,"href":"https:\/\/new.guerir.ch\/index.php?rest_route=\/wp\/v2\/pages\/1288\/revisions"}],"predecessor-version":[{"id":1343,"href":"https:\/\/new.guerir.ch\/index.php?rest_route=\/wp\/v2\/pages\/1288\/revisions\/1343"}],"up":[{"embeddable":true,"href":"https:\/\/new.guerir.ch\/index.php?rest_route=\/wp\/v2\/pages\/10"}],"wp:featuredmedia":[{"embeddable":true,"href":"https:\/\/new.guerir.ch\/index.php?rest_route=\/wp\/v2\/media\/933"}],"wp:attachment":[{"href":"https:\/\/new.guerir.ch\/index.php?rest_route=%2Fwp%2Fv2%2Fmedia&parent=1288"}],"curies":[{"name":"wp","href":"https:\/\/api.w.org\/{rel}","templated":true}]}}

<div class="wp-block-image is-style-default">
<figure class="alignleft size-medium is-resized"><a href="https://www.amazon.fr/mort-nest-pas-une-fin/dp/2716318387" target="_blank" rel=" noreferrer noopener"><img loading="lazy" decoding="async" width="204" height="300" src="https://new.guerir.ch/wp-content/uploads/2024/05/couv_mort_pas_fin-204x300.jpeg" alt="" class="wp-image-1256" style="width:251px;height:364px" srcset="https://new.guerir.ch/wp-content/uploads/2024/05/couv_mort_pas_fin-204x300.jpeg 204w, https://new.guerir.ch/wp-content/uploads/2024/05/couv_mort_pas_fin.jpeg 248w" sizes="auto, (max-width: 204px) 100vw, 204px" /></a></figure>
</div>


<p class="has-drop-cap wp-block-paragraph">Mon quatrième livre, publié aux <strong><a href="https://editionsdudauphin.com/author-book/isenschmid-marc" data-type="link" data-id="https://editionsdudauphin.com/author-book/isenschmid-marc" target="_blank" rel="noreferrer noopener">éditions du Dauphin</a></strong>, porte sur le déroulement de la mort et la transmigration de l&rsquo;âme. Je donne dans ce livre une sorte de carte routière de la mort, un plan des 5 étapes qui nous attendent et comment les « vivre » au mieux jusqu&rsquo;à notre nouvelle naissance. Mon souhait est de vous amener à revisiter vos croyances sur la mort pour cesser d&rsquo;en avoir peur.</p>



<p class="wp-block-paragraph">Je vois les vies antérieures depuis plus de vingt ans. Tous mes patients ont bénéficié de ma clairvoyance dans leurs soins et j&rsquo;ai utilisé des corrections pour llibérer des traumatismes, des blocages, des souffrances et mémoires issues de vies antérieures des milliers de fois. Quand on observe les vies antérieures de quelqu&rsquo;un pour l&rsquo;aider avec un problème actuel, il est rare de voir des vies antérieures qui se passent bien. En général on voit des problèmes, des maladies, des problèmes relationnels et souvent des morts. Il est donc normal que mon regard se soit dirigé un jour sur la transmigration de l&rsquo;âme, sur le comment ça se passe.</p>



<p class="wp-block-paragraph">Mes expériences personnelles (rebirth, transes, hypnoses, constellations&#8230;) et mes expériences professionnelles m&rsquo;ont amené un lots d&rsquo;expériences inédites sur la mort et ma découverte des 5 étapes coïncide assez bien avec les expériences relatées dans les NDE telles que les présentes Raymond Moody ou Elisabeth Kübler-Ross. Cependant, mes expériences personnelles coïncident encore mieux avec les connaissances bouddhistes tibétaines sur la mort telles qu&rsquo;elles sont décrites par exemple dans le Bardo Thödol ou livre des morts tibétains.</p>



<p class="wp-block-paragraph">Vous verrez dans le livre qu&rsquo;on peut tirer des parallèles entre la mort effective du corps et les nombreux moments de deuils, les « petites morts » qu&rsquo;on peut vivre dans la vie. Chaque transition, chaque transformation, est en quelque sorte régie par les 5 étapes que vous découvrirez dans ce livre et qui permettent le changement et la résilience.</p>



<p class="wp-block-paragraph">Ce livre n&rsquo;est pas, comme mes autres livres, un manuel de thérapie. C&rsquo;est un livre plus classique, où je présente ma vision, mes expériences sur l&rsquo;Au-delà. Le but de ce livre est d&rsquo;apaiser vos peurs de la mort pour la découvrir enfin comme un outil puissant et positif de transformation qui nous permet de nous renouveller entièrement pour recommencer une nouvelle vie sous de meilleurs auspices. </p>



<p class="wp-block-paragraph">Pour ceux, qui ayant lu le livre, sont intéressés à travailler sur leur peur de la mort et sur les 5 étapes de manière complète, je vous suggère de venir suivre mon cours : <strong><a href="https://new.guerir.ch/peur-de-la-mort/" data-type="post" data-id="710">Abandonner sa peur de la mort.</a></strong> Vous trouverez mes dates de cours sur mon <strong><a href="https://new.guerir.ch/calendrier/" data-type="post" data-id="114">calendrier</a></strong>.</p>



<p class="wp-block-paragraph">Voici le quart de couverture du livre :</p>



<blockquote class="wp-block-quote is-layout-flow wp-block-quote-is-layout-flow">
<p class="wp-block-paragraph">Pragmatique et original, ce livre est un véritable guide de voyage dans l’au-delà, où la mort constitue un moment de transformation et de libération : l’âme s’y affranchit des peines et problèmes rencontrés dans la vie précédente et se nettoie, avant une nouvelle incarnation.</p>



<p class="wp-block-paragraph">Phénomène naturel auquel nul n’échappe, mais qui reste tabou dans nos sociétés, la mort est très souvent source de terreur ou de colère : on préfère ne pas en parler, ne pas l’observer. Elle est rarement vécue de manière paisible et suscite de nombreux traumatismes psychologiques chez l’être humain.</p>



<p class="wp-block-paragraph">Dans un langage simple et rationnel, l’auteur, qui a développé des dons de conscience et de clairvoyance particuliers, explique en détail les 5 étapes de la mort et de la transmigration de l’âme – alimentées par ses propres expériences (personnelles et professionnelles) et ses connaissances traditionnelles bouddhistes. En nous ouvrant les portes de l’autre monde, il lève nos croyances limitantes sur la mort et nous montre comment la traverser de manière sereine.</p>
</blockquote>

<p>Mon quatrième livre, publié aux éditions du Dauphin, porte sur le déroulement de la mort et la transmigration de l&rsquo;âme. Je donne dans ce livre une sorte de carte routière de la mort, un plan des 5 étapes qui nous attendent et comment les « vivre » au mieux jusqu&rsquo;à notre nouvelle naissance. Mon souhait est de&#8230;</p>
