{"id":521,"date":"2015-02-10T14:18:55","date_gmt":"2015-02-10T13:18:55","guid":{"rendered":"http:\/\/www.guerir.ch\/?page_id=521"},"modified":"2026-09-05T23:16:59","modified_gmt":"2026-09-05T21:16:59","slug":"stages","status":"publish","type":"page","link":"https:\/\/new.guerir.ch\/?page_id=521","title":{"rendered":"Stages"},"content":{"rendered":"\n<p class=\"wp-block-paragraph\"><strong><span style=\"color: #993366;\">Nouveau<\/span><\/strong>&nbsp;: Je propose maintenant des stages ouvert \u00e0 tous pour travailler sur un probl\u00e8me de vie pr\u00e9cis. Gr\u00e2ce \u00e0 mes corrections abr\u00e9g\u00e9es il est possible de travailler sur beaucoup de choses en peu de temps et ce sans conna\u00eetre les fondements de ma m\u00e9thode.<\/p>\n\n\n\n<p class=\"wp-block-paragraph\">Mes&nbsp;stages sont&nbsp;con\u00e7us comme de&nbsp;grandes s\u00e9ances de th\u00e9rapie. Gr\u00e2ce \u00e0 ma pr\u00e9sentation, aux exercices et aux corrections, vous prendrez conscience de la nature de vos blocages et des solutions puissantes se pr\u00e9senteront. Apr\u00e8s le stage, le travail induit se poursuivra pendant 6 mois (au moins), c\u2019est ce que j\u2019appelle le processus de gu\u00e9rison. Ce processus peut \u00eatre facile&nbsp;ou difficile&nbsp;\u00e0 vivre, cela d\u00e9pend des gens, des blocages, des croyances. Il fait partie int\u00e9grante de la gu\u00e9rison au m\u00eame titre que les corrections initiales. Des empirements peuvent survenir, ce n&rsquo;est pas rare, ils servent en g\u00e9n\u00e9ral \u00e0 provoquer en vous de la col\u00e8re et des prises de conscience qui vous aideront \u00e0 casser les obstacles sur votre chemin.<\/p>\n\n\n\n<p class=\"wp-block-paragraph\">Le travail se fait en groupe, vous n&rsquo;y trouverez donc pas l&rsquo;intimit\u00e9 d&rsquo;une s\u00e9ance mais le groupe est aussi une force, qui peut vous gu\u00e9rir par le partage, l&rsquo;\u00e9change des id\u00e9es,&nbsp;l&rsquo;agrandissement de votre r\u00e9seau social, le d\u00e9but de nouvelles amiti\u00e9s et la possibilit\u00e9 de comprendre que vous n&rsquo;\u00eates pas seuls \u00e0 souffrir et que d&rsquo;autres aides que vous n&rsquo;imaginiez pas sont \u00e0 port\u00e9e de main.<\/p>\n\n\n\n<p class=\"wp-block-paragraph\">Vous ne serez pas oblig\u00e9s de parler de&nbsp;votre souffrance dans ces stages comme on peut le faire dans des groupes d&rsquo;alcooliques anonymes par exemple (je parlerais probablement plus que vous), mais un peu d&rsquo;ouverture vous fera du bien. Vous verrez que parler devient facile quand vous \u00eates face \u00e0&nbsp;des gens qui souffrent des m\u00eames probl\u00e8mes que vous et qui peuvent vous&nbsp;comprendre.<\/p>\n\n\n\n<p class=\"wp-block-paragraph\">Les&nbsp;stages sont&nbsp;comparables \u00e0 plusieurs s\u00e9ances individuelles et il contiennent les corrections de plusieurs cours. Cependant il est possible que pour d\u00e9bloquer des choses plus subtiles ou difficiles \u00e0 trouver, une s\u00e9ance individuelle vous serait n\u00e9cessaire.<\/p>\n\n\n\n<p class=\"wp-block-paragraph\">Ces stages sont aussi une r\u00e9ponse \u00e0 l&rsquo;attente que les nouveaux patients peuvent rencontrer avant de me voir. Comme je suis constamment plein, je mets les nouveaux patients sur liste d&rsquo;attente et il n&rsquo;est pas rare qu&rsquo;ils doivent attendre de 3 \u00e0 6 mois avant de pouvoir avoir un rendez-vous. Si c&rsquo;est votre cas, peut-\u00eatre serez-vous d\u00e9j\u00e0 heureux de pouvoir faire l&rsquo;un de mes stages pour pouvoir commencer votre th\u00e9rapie. Attention cependant, les stages ne sont pas des passe-droit qui vous permettront d&rsquo;obtenir une s\u00e9ance plus rapidement. Dans tous les cas, il faut vous inscrire sur ma liste d&rsquo;attente.<\/p>\n\n\n\n<p class=\"wp-block-paragraph\"><strong>Stages disponibles<\/strong><\/p>\n\n\n\n<ul class=\"wp-block-list\">\n<li><a href=\"https:\/\/new.guerir.ch\/accueillir-et-discuter-avec-son-inconscient\/\" data-type=\"post\" data-id=\"1358\">Accueillir et discuter avec son inconscient<\/a><\/li>\n\n\n\n<li><a href=\"https:\/\/new.guerir.ch\/etre-en-harmonie-avec-son-divin-et-son-essence-profonde\/\">\u00catre en harmonie avec son divin et son essence profonde<\/a><\/li>\n\n\n\n<li><a href=\"https:\/\/new.guerir.ch\/trouver-lamour-guerir-ses-relations-et-saimer-soi-meme\/\">Trouver l\u2019amour, gu\u00e9rir ses relations et s\u2019aimer soi-m\u00eame<\/a><\/li>\n\n\n\n<li><a href=\"https:\/\/new.guerir.ch\/transformez-votre-vie-professionnelle\/\">Transformez votre vie professionnelle<\/a><\/li>\n\n\n\n<li><a href=\"https:\/\/new.guerir.ch\/meditation-et-paix-interieure\/\">M\u00e9ditation et paix int\u00e9rieure<\/a><\/li>\n\n\n\n<li><a href=\"https:\/\/new.guerir.ch\/apprenez-a-controler-vos-emotions-paix-interieure-et-vitalite\/\">Apprenez \u00e0 contr\u00f4ler vos \u00e9motions : paix int\u00e9rieure et vitalit\u00e9<\/a><\/li>\n\n\n\n<li><a href=\"https:\/\/new.guerir.ch\/abandonner-sa-peur-de-la-mort-stage\/\">Abandonner sa peur de la mort<\/a><\/li>\n<\/ul>\n\n\n\n<figure class=\"wp-block-image size-large\"><img loading=\"lazy\" decoding=\"async\" width=\"1024\" height=\"681\" src=\"http:\/\/www.guerir.ch\/wordpress\/wp-content\/uploads\/2017\/08\/time-for-a-change-2015164_1920-1024x681.jpg\" alt=\"\" class=\"wp-image-878\" srcset=\"https:\/\/new.guerir.ch\/wp-content\/uploads\/2017\/08\/time-for-a-change-2015164_1920-1024x681.jpg 1024w, https:\/\/new.guerir.ch\/wp-content\/uploads\/2017\/08\/time-for-a-change-2015164_1920-300x200.jpg 300w, https:\/\/new.guerir.ch\/wp-content\/uploads\/2017\/08\/time-for-a-change-2015164_1920-768x511.jpg 768w, https:\/\/new.guerir.ch\/wp-content\/uploads\/2017\/08\/time-for-a-change-2015164_1920-600x399.jpg 600w, https:\/\/new.guerir.ch\/wp-content\/uploads\/2017\/08\/time-for-a-change-2015164_1920-451x300.jpg 451w, https:\/\/new.guerir.ch\/wp-content\/uploads\/2017\/08\/time-for-a-change-2015164_1920.jpg 1920w\" sizes=\"auto, (max-width: 1024px) 100vw, 1024px\" \/><\/figure>\n","protected":false},"excerpt":{"rendered":"<p>Nouveau&nbsp;: Je propose maintenant des stages ouvert \u00e0 tous pour travailler sur un probl\u00e8me de vie pr\u00e9cis. Gr\u00e2ce \u00e0 mes corrections abr\u00e9g\u00e9es il est possible de travailler sur beaucoup de choses en peu de temps et ce sans conna\u00eetre les fondements de ma m\u00e9thode. Mes&nbsp;stages sont&nbsp;con\u00e7us comme de&nbsp;grandes s\u00e9ances de th\u00e9rapie. Gr\u00e2ce \u00e0 ma pr\u00e9sentation,&#8230;<\/p>\n","protected":false},"author":1,"featured_media":867,"parent":6,"menu_order":4,"comment_status":"closed","ping_status":"open","template":"","meta":{"_kad_post_transparent":"","_kad_post_title":"","_kad_post_layout":"left","_kad_post_sidebar_id":"sidebar-primary","_kad_post_content_style":"","_kad_post_vertical_padding":"","_kad_post_feature":"","_kad_post_feature_position":"","_kad_post_header":false,"_kad_post_footer":false,"_kad_post_classname":"","footnotes":""},"class_list":["post-521","page","type-page","status-publish","has-post-thumbnail","hentry"],"_links":{"self":[{"href":"https:\/\/new.guerir.ch\/index.php?rest_route=\/wp\/v2\/pages\/521","targetHints":{"allow":["GET"]}}],"collection":[{"href":"https:\/\/new.guerir.ch\/index.php?rest_route=\/wp\/v2\/pages"}],"about":[{"href":"https:\/\/new.guerir.ch\/index.php?rest_route=\/wp\/v2\/types\/page"}],"author":[{"embeddable":true,"href":"https:\/\/new.guerir.ch\/index.php?rest_route=\/wp\/v2\/users\/1"}],"replies":[{"embeddable":true,"href":"https:\/\/new.guerir.ch\/index.php?rest_route=%2Fwp%2Fv2%2Fcomments&post=521"}],"version-history":[{"count":8,"href":"https:\/\/new.guerir.ch\/index.php?rest_route=\/wp\/v2\/pages\/521\/revisions"}],"predecessor-version":[{"id":1361,"href":"https:\/\/new.guerir.ch\/index.php?rest_route=\/wp\/v2\/pages\/521\/revisions\/1361"}],"up":[{"embeddable":true,"href":"https:\/\/new.guerir.ch\/index.php?rest_route=\/wp\/v2\/pages\/6"}],"wp:featuredmedia":[{"embeddable":true,"href":"https:\/\/new.guerir.ch\/index.php?rest_route=\/wp\/v2\/media\/867"}],"wp:attachment":[{"href":"https:\/\/new.guerir.ch\/index.php?rest_route=%2Fwp%2Fv2%2Fmedia&parent=521"}],"curies":[{"name":"wp","href":"https:\/\/api.w.org\/{rel}","templated":true}]}}

<p class="wp-block-paragraph"><strong><span style="color: #993366;">Nouveau</span></strong>&nbsp;: Je propose maintenant des stages ouvert à tous pour travailler sur un problème de vie précis. Grâce à mes corrections abrégées il est possible de travailler sur beaucoup de choses en peu de temps et ce sans connaître les fondements de ma méthode.</p>



<p class="wp-block-paragraph">Mes&nbsp;stages sont&nbsp;conçus comme de&nbsp;grandes séances de thérapie. Grâce à ma présentation, aux exercices et aux corrections, vous prendrez conscience de la nature de vos blocages et des solutions puissantes se présenteront. Après le stage, le travail induit se poursuivra pendant 6 mois (au moins), c’est ce que j’appelle le processus de guérison. Ce processus peut être facile&nbsp;ou difficile&nbsp;à vivre, cela dépend des gens, des blocages, des croyances. Il fait partie intégrante de la guérison au même titre que les corrections initiales. Des empirements peuvent survenir, ce n&rsquo;est pas rare, ils servent en général à provoquer en vous de la colère et des prises de conscience qui vous aideront à casser les obstacles sur votre chemin.</p>



<p class="wp-block-paragraph">Le travail se fait en groupe, vous n&rsquo;y trouverez donc pas l&rsquo;intimité d&rsquo;une séance mais le groupe est aussi une force, qui peut vous guérir par le partage, l&rsquo;échange des idées,&nbsp;l&rsquo;agrandissement de votre réseau social, le début de nouvelles amitiés et la possibilité de comprendre que vous n&rsquo;êtes pas seuls à souffrir et que d&rsquo;autres aides que vous n&rsquo;imaginiez pas sont à portée de main.</p>



<p class="wp-block-paragraph">Vous ne serez pas obligés de parler de&nbsp;votre souffrance dans ces stages comme on peut le faire dans des groupes d&rsquo;alcooliques anonymes par exemple (je parlerais probablement plus que vous), mais un peu d&rsquo;ouverture vous fera du bien. Vous verrez que parler devient facile quand vous êtes face à&nbsp;des gens qui souffrent des mêmes problèmes que vous et qui peuvent vous&nbsp;comprendre.</p>



<p class="wp-block-paragraph">Les&nbsp;stages sont&nbsp;comparables à plusieurs séances individuelles et il contiennent les corrections de plusieurs cours. Cependant il est possible que pour débloquer des choses plus subtiles ou difficiles à trouver, une séance individuelle vous serait nécessaire.</p>



<p class="wp-block-paragraph">Ces stages sont aussi une réponse à l&rsquo;attente que les nouveaux patients peuvent rencontrer avant de me voir. Comme je suis constamment plein, je mets les nouveaux patients sur liste d&rsquo;attente et il n&rsquo;est pas rare qu&rsquo;ils doivent attendre de 3 à 6 mois avant de pouvoir avoir un rendez-vous. Si c&rsquo;est votre cas, peut-être serez-vous déjà heureux de pouvoir faire l&rsquo;un de mes stages pour pouvoir commencer votre thérapie. Attention cependant, les stages ne sont pas des passe-droit qui vous permettront d&rsquo;obtenir une séance plus rapidement. Dans tous les cas, il faut vous inscrire sur ma liste d&rsquo;attente.</p>



<p class="wp-block-paragraph"><strong>Stages disponibles</strong></p>



<ul class="wp-block-list">
<li><a href="https://new.guerir.ch/accueillir-et-discuter-avec-son-inconscient/" data-type="post" data-id="1358">Accueillir et discuter avec son inconscient</a></li>



<li><a href="https://new.guerir.ch/etre-en-harmonie-avec-son-divin-et-son-essence-profonde/">Être en harmonie avec son divin et son essence profonde</a></li>



<li><a href="https://new.guerir.ch/trouver-lamour-guerir-ses-relations-et-saimer-soi-meme/">Trouver l’amour, guérir ses relations et s’aimer soi-même</a></li>



<li><a href="https://new.guerir.ch/transformez-votre-vie-professionnelle/">Transformez votre vie professionnelle</a></li>



<li><a href="https://new.guerir.ch/meditation-et-paix-interieure/">Méditation et paix intérieure</a></li>



<li><a href="https://new.guerir.ch/apprenez-a-controler-vos-emotions-paix-interieure-et-vitalite/">Apprenez à contrôler vos émotions : paix intérieure et vitalité</a></li>



<li><a href="https://new.guerir.ch/abandonner-sa-peur-de-la-mort-stage/">Abandonner sa peur de la mort</a></li>
</ul>



<figure class="wp-block-image size-large"><img loading="lazy" decoding="async" width="1024" height="681" src="http://www.guerir.ch/wordpress/wp-content/uploads/2017/08/time-for-a-change-2015164_1920-1024x681.jpg" alt="" class="wp-image-878" srcset="https://new.guerir.ch/wp-content/uploads/2017/08/time-for-a-change-2015164_1920-1024x681.jpg 1024w, https://new.guerir.ch/wp-content/uploads/2017/08/time-for-a-change-2015164_1920-300x200.jpg 300w, https://new.guerir.ch/wp-content/uploads/2017/08/time-for-a-change-2015164_1920-768x511.jpg 768w, https://new.guerir.ch/wp-content/uploads/2017/08/time-for-a-change-2015164_1920-600x399.jpg 600w, https://new.guerir.ch/wp-content/uploads/2017/08/time-for-a-change-2015164_1920-451x300.jpg 451w, https://new.guerir.ch/wp-content/uploads/2017/08/time-for-a-change-2015164_1920.jpg 1920w" sizes="auto, (max-width: 1024px) 100vw, 1024px" /></figure>

<p>Nouveau&nbsp;: Je propose maintenant des stages ouvert à tous pour travailler sur un problème de vie précis. Grâce à mes corrections abrégées il est possible de travailler sur beaucoup de choses en peu de temps et ce sans connaître les fondements de ma méthode. Mes&nbsp;stages sont&nbsp;conçus comme de&nbsp;grandes séances de thérapie. Grâce à ma présentation,&#8230;</p>
