{"id":586,"date":"2015-05-08T17:02:01","date_gmt":"2015-05-08T15:02:01","guid":{"rendered":"http:\/\/www.guerir.ch\/?page_id=586"},"modified":"2026-09-05T22:47:35","modified_gmt":"2026-09-05T20:47:35","slug":"le-reveil-de-votre-puissance","status":"publish","type":"page","link":"https:\/\/new.guerir.ch\/?page_id=586","title":{"rendered":"Le r\u00e9veil de votre PUISSANCE"},"content":{"rendered":"<p><a href=\"https:\/\/www.amazon.fr\/r\u00e9veil-votre-puissance-Portes-Conscience-ebook\/dp\/B00X5AXGXU\"><img loading=\"lazy\" decoding=\"async\" class=\"alignleft wp-image-636 size-medium\" src=\"http:\/\/www.guerir.ch\/wordpress\/wp-content\/uploads\/2012\/08\/r\u00e9veil_puissance_tigre-211x300.jpg\" width=\"211\" height=\"300\" srcset=\"https:\/\/new.guerir.ch\/wp-content\/uploads\/2012\/08\/r\u00e9veil_puissance_tigre-211x300.jpg 211w, https:\/\/new.guerir.ch\/wp-content\/uploads\/2012\/08\/r\u00e9veil_puissance_tigre-768x1090.jpg 768w, https:\/\/new.guerir.ch\/wp-content\/uploads\/2012\/08\/r\u00e9veil_puissance_tigre-722x1024.jpg 722w, https:\/\/new.guerir.ch\/wp-content\/uploads\/2012\/08\/r\u00e9veil_puissance_tigre-600x851.jpg 600w, https:\/\/new.guerir.ch\/wp-content\/uploads\/2012\/08\/r\u00e9veil_puissance_tigre.jpg 1748w\" sizes=\"auto, (max-width: 211px) 100vw, 211px\" \/><\/a><a href=\"https:\/\/www.amazon.fr\/r\u00e9veil-votre-puissance-Portes-Conscience-ebook\/dp\/B00X5AXGXU\"><strong>Mon deuxi\u00e8me livre<\/strong><\/a>&nbsp;est une avanc\u00e9e consid\u00e9rable dans le domaine de la th\u00e9rapie par les livres. En faisant les exercices et les corrections qui y sont propos\u00e9s, vous pourrez vous lib\u00e9rer <span style=\"text-decoration: underline;\">tout(e) seul(e)<\/span>&nbsp;de bien des mani\u00e8res et r\u00e9soudre de nombreux probl\u00e8mes, qu&rsquo;ils soient li\u00e9s \u00e0 votre vie \u00e9motionnelle, \u00e0 votre corps physique et vos maladies, \u00e0 votre vie sociale et professionnelle ou \u00e0 vos relations. J&rsquo;y expose mes d\u00e9couvertes sur les principes de la cr\u00e9ation, sur la nature r\u00e9elle de nos blocages et sur la nature profonde de notre inconscient.<\/p>\n<p>Les corrections qui y sont propos\u00e9es sont le r\u00e9sultat de 17 ans d&rsquo;exp\u00e9rience en th\u00e9rapie et ont fait leur preuves sur plus d&rsquo;un millier de patients. Mes \u00e9l\u00e8ves utilisent maintenant r\u00e9guli\u00e8rement ces corrections dans leur cabinets avec autant d&rsquo;efficacit\u00e9 que moi. Elles ont donc prouv\u00e9 leur efficacit\u00e9 intrins\u00e8que.<\/p>\n<p>Je vous encourage \u00e0 lire ce livre&nbsp;car il va vous faire travailler tr\u00e8s en profondeur sur vous-m\u00eame et avec beaucoup de conscience. Il vous permettra aussi de d\u00e9couvrir et de comprendre ma m\u00e9thode et d&rsquo;am\u00e9liorer la qualit\u00e9 du travail th\u00e9rapeutique que nous faisons ensemble \u00e0 mon cabinet. La compr\u00e9hension profonde des m\u00e9canismes de cr\u00e9ation est un +&nbsp;tr\u00e8s important en ce qui concerne la rapidit\u00e9 de votre changement et de votre gu\u00e9rison.<\/p>\n<p>Voici le quatri\u00e8me de couverture :<\/p>\n<p><span style=\"color: #87ab33;\"><strong>Voici un livre comme aucun autre.<\/strong>&nbsp;Vous pourrez vivre, gr\u00e2ce \u00e0 lui, plusieurs s\u00e9ances de th\u00e9rapie qui vous permettront de changer votre vie et de retrouver votre puissance fondamentale. Mon but est de vous aider \u00e0&nbsp;<strong>gu\u00e9rir<\/strong>&nbsp;votre \u00eatre, votre corps et votre esprit en vous faisant prendre conscience des conditionnements qui vous ont \u00e9t\u00e9 impos\u00e9s tout au long de votre vie.<\/span><\/p>\n<p><span style=\"color: #87ab33;\"><strong>Ecoutez-vous<\/strong>&nbsp;prononcer les phrases suivantes&nbsp;: \u00ab&nbsp;Ma vie est une lutte&nbsp;\u00bb, \u00ab&nbsp; Je ne m\u2019aime pas&nbsp;\u00bb, \u00ab&nbsp;Je me sens impuissant&nbsp;\u00bb, \u00ab&nbsp;Je souffre&nbsp;\u00bb, \u00ab&nbsp;Ma vie est d\u00e9cevante&nbsp;\u00bb, \u00ab&nbsp;Je n\u2019ai aucun contr\u00f4le sur ma vie&nbsp;\u00bb. Si cela r\u00e9sonne en vous, c\u2019est que ce livre est fait pour vous&nbsp;!<\/span><\/p>\n<p><span style=\"color: #87ab33;\">Mais ce livre n\u2019est pas seulement destin\u00e9 \u00e0 ceux qui souffrent le plus, il est aussi un&nbsp;<strong>formidable tremplin<\/strong>&nbsp;pour tous ceux qui souhaitent gu\u00e9rir, \u00eatre heureux, cr\u00e9atifs, puissants, d\u00e9terminants et pour tous ceux qui souhaitent peu ou prou am\u00e9liorer leur vie et se r\u00e9inventer.<\/span><\/p>\n<p><span style=\"color: #87ab33;\">Prenez ce livre comme un&nbsp;<strong>compagnon de route<\/strong>, bienveillant \u00e0 votre \u00e9gard et toujours disponible, qui va parfois vous bousculer, vous chambouler mais pour votre bien. Cet outil th\u00e9rapeutique vous permettra, si vous vous engagez vraiment en faisant tous les exercices propos\u00e9s, de vous lib\u00e9rer et de trouver le moyen de&nbsp;<strong>r\u00e9aliser vos r\u00eaves<\/strong>.<\/span><\/p>\n","protected":false},"excerpt":{"rendered":"<p>Mon deuxi\u00e8me livre&nbsp;est une avanc\u00e9e consid\u00e9rable dans le domaine de la th\u00e9rapie par les livres. En faisant les exercices et les corrections qui y sont propos\u00e9s, vous pourrez vous lib\u00e9rer tout(e) seul(e)&nbsp;de bien des mani\u00e8res et r\u00e9soudre de nombreux probl\u00e8mes, qu&rsquo;ils soient li\u00e9s \u00e0 votre vie \u00e9motionnelle, \u00e0 votre corps physique et vos maladies, \u00e0&#8230;<\/p>\n","protected":false},"author":1,"featured_media":933,"parent":0,"menu_order":0,"comment_status":"closed","ping_status":"open","template":"","meta":{"_kad_post_transparent":"","_kad_post_title":"","_kad_post_layout":"left","_kad_post_sidebar_id":"sidebar-secondary","_kad_post_content_style":"","_kad_post_vertical_padding":"","_kad_post_feature":"","_kad_post_feature_position":"","_kad_post_header":false,"_kad_post_footer":false,"_kad_post_classname":"","footnotes":""},"class_list":["post-586","page","type-page","status-publish","has-post-thumbnail","hentry"],"_links":{"self":[{"href":"https:\/\/new.guerir.ch\/index.php?rest_route=\/wp\/v2\/pages\/586","targetHints":{"allow":["GET"]}}],"collection":[{"href":"https:\/\/new.guerir.ch\/index.php?rest_route=\/wp\/v2\/pages"}],"about":[{"href":"https:\/\/new.guerir.ch\/index.php?rest_route=\/wp\/v2\/types\/page"}],"author":[{"embeddable":true,"href":"https:\/\/new.guerir.ch\/index.php?rest_route=\/wp\/v2\/users\/1"}],"replies":[{"embeddable":true,"href":"https:\/\/new.guerir.ch\/index.php?rest_route=%2Fwp%2Fv2%2Fcomments&post=586"}],"version-history":[{"count":9,"href":"https:\/\/new.guerir.ch\/index.php?rest_route=\/wp\/v2\/pages\/586\/revisions"}],"predecessor-version":[{"id":1194,"href":"https:\/\/new.guerir.ch\/index.php?rest_route=\/wp\/v2\/pages\/586\/revisions\/1194"}],"wp:featuredmedia":[{"embeddable":true,"href":"https:\/\/new.guerir.ch\/index.php?rest_route=\/wp\/v2\/media\/933"}],"wp:attachment":[{"href":"https:\/\/new.guerir.ch\/index.php?rest_route=%2Fwp%2Fv2%2Fmedia&parent=586"}],"curies":[{"name":"wp","href":"https:\/\/api.w.org\/{rel}","templated":true}]}}

Le réveil de votre PUISSANCE

<p><a href="https://www.amazon.fr/réveil-votre-puissance-Portes-Conscience-ebook/dp/B00X5AXGXU"><img loading="lazy" decoding="async" class="alignleft wp-image-636 size-medium" src="http://www.guerir.ch/wordpress/wp-content/uploads/2012/08/réveil_puissance_tigre-211x300.jpg" width="211" height="300" srcset="https://new.guerir.ch/wp-content/uploads/2012/08/réveil_puissance_tigre-211x300.jpg 211w, https://new.guerir.ch/wp-content/uploads/2012/08/réveil_puissance_tigre-768x1090.jpg 768w, https://new.guerir.ch/wp-content/uploads/2012/08/réveil_puissance_tigre-722x1024.jpg 722w, https://new.guerir.ch/wp-content/uploads/2012/08/réveil_puissance_tigre-600x851.jpg 600w, https://new.guerir.ch/wp-content/uploads/2012/08/réveil_puissance_tigre.jpg 1748w" sizes="auto, (max-width: 211px) 100vw, 211px" /></a><a href="https://www.amazon.fr/réveil-votre-puissance-Portes-Conscience-ebook/dp/B00X5AXGXU"><strong>Mon deuxième livre</strong></a>&nbsp;est une avancée considérable dans le domaine de la thérapie par les livres. En faisant les exercices et les corrections qui y sont proposés, vous pourrez vous libérer <span style="text-decoration: underline;">tout(e) seul(e)</span>&nbsp;de bien des manières et résoudre de nombreux problèmes, qu&rsquo;ils soient liés à votre vie émotionnelle, à votre corps physique et vos maladies, à votre vie sociale et professionnelle ou à vos relations. J&rsquo;y expose mes découvertes sur les principes de la création, sur la nature réelle de nos blocages et sur la nature profonde de notre inconscient.</p>
<p>Les corrections qui y sont proposées sont le résultat de 17 ans d&rsquo;expérience en thérapie et ont fait leur preuves sur plus d&rsquo;un millier de patients. Mes élèves utilisent maintenant régulièrement ces corrections dans leur cabinets avec autant d&rsquo;efficacité que moi. Elles ont donc prouvé leur efficacité intrinsèque.</p>
<p>Je vous encourage à lire ce livre&nbsp;car il va vous faire travailler très en profondeur sur vous-même et avec beaucoup de conscience. Il vous permettra aussi de découvrir et de comprendre ma méthode et d&rsquo;améliorer la qualité du travail thérapeutique que nous faisons ensemble à mon cabinet. La compréhension profonde des mécanismes de création est un +&nbsp;très important en ce qui concerne la rapidité de votre changement et de votre guérison.</p>
<p>Voici le quatrième de couverture :</p>
<p><span style="color: #87ab33;"><strong>Voici un livre comme aucun autre.</strong>&nbsp;Vous pourrez vivre, grâce à lui, plusieurs séances de thérapie qui vous permettront de changer votre vie et de retrouver votre puissance fondamentale. Mon but est de vous aider à&nbsp;<strong>guérir</strong>&nbsp;votre être, votre corps et votre esprit en vous faisant prendre conscience des conditionnements qui vous ont été imposés tout au long de votre vie.</span></p>
<p><span style="color: #87ab33;"><strong>Ecoutez-vous</strong>&nbsp;prononcer les phrases suivantes&nbsp;: «&nbsp;Ma vie est une lutte&nbsp;», «&nbsp; Je ne m’aime pas&nbsp;», «&nbsp;Je me sens impuissant&nbsp;», «&nbsp;Je souffre&nbsp;», «&nbsp;Ma vie est décevante&nbsp;», «&nbsp;Je n’ai aucun contrôle sur ma vie&nbsp;». Si cela résonne en vous, c’est que ce livre est fait pour vous&nbsp;!</span></p>
<p><span style="color: #87ab33;">Mais ce livre n’est pas seulement destiné à ceux qui souffrent le plus, il est aussi un&nbsp;<strong>formidable tremplin</strong>&nbsp;pour tous ceux qui souhaitent guérir, être heureux, créatifs, puissants, déterminants et pour tous ceux qui souhaitent peu ou prou améliorer leur vie et se réinventer.</span></p>
<p><span style="color: #87ab33;">Prenez ce livre comme un&nbsp;<strong>compagnon de route</strong>, bienveillant à votre égard et toujours disponible, qui va parfois vous bousculer, vous chambouler mais pour votre bien. Cet outil thérapeutique vous permettra, si vous vous engagez vraiment en faisant tous les exercices proposés, de vous libérer et de trouver le moyen de&nbsp;<strong>réaliser vos rêves</strong>.</span></p>

<p>Mon deuxième livre&nbsp;est une avancée considérable dans le domaine de la thérapie par les livres. En faisant les exercices et les corrections qui y sont proposés, vous pourrez vous libérer tout(e) seul(e)&nbsp;de bien des manières et résoudre de nombreux problèmes, qu&rsquo;ils soient liés à votre vie émotionnelle, à votre corps physique et vos maladies, à&#8230;</p>
