{"id":906,"date":"2019-01-15T19:37:34","date_gmt":"2019-01-15T18:37:34","guid":{"rendered":"http:\/\/www.guerir.ch\/?page_id=906"},"modified":"2026-09-05T22:47:36","modified_gmt":"2026-09-05T20:47:36","slug":"livre-pour-enfants","status":"publish","type":"page","link":"https:\/\/new.guerir.ch\/?page_id=906","title":{"rendered":"Livre pour enfants"},"content":{"rendered":"<div class=\"wp-block-image\">\n<figure class=\"alignleft is-resized\"><a href=\"https:\/\/www.amazon.fr\/Ma-Cabane-Marc-Isenschmid-ebook\/dp\/B077LVCQB1\" target=\"_blank\" rel=\"noreferrer noopener\"><img loading=\"lazy\" decoding=\"async\" src=\"http:\/\/www.guerir.ch\/wordpress\/wp-content\/uploads\/2019\/01\/couverture_ma_cabane-1-640x1024.jpg\" alt=\"Jaquette Ma Cabane\" class=\"wp-image-908\" width=\"200\" height=\"256\"\/><\/a><\/figure>\n<\/div>\n\n\n<p class=\"has-drop-cap wp-block-paragraph\">Ma Cabane est une histoire du soir pour les enfants. Elle raconte avec humour les \u00e9v\u00e9nements habituels de la vie de petits gar\u00e7ons en 2017. Le but de cette histoire est de faire comprendre certains concepts aux enfants tels que : la pers\u00e9v\u00e9rance, la souffrance \u00e9motionnelle, l&rsquo;ins\u00e9curit\u00e9 qui vient du monde des adultes, la jalousie, le pardon, l&#8217;empathie etc. C&rsquo;est une histoire psychologique qui je l&rsquo;esp\u00e8re permettra aux enfants de mieux comprendre certaines de leurs probl\u00e9matiques ou celles de leur copains ou de leur parents. Parfois une histoire est plus efficace que nos explications car elle emm\u00e8ne l&rsquo;enfant dans un monde imaginaire s\u00e9curisant qui leur permet de mieux comprendre ce qu&rsquo;ils vivent eux-m\u00eames. <a href=\"https:\/\/www.amazon.fr\/Ma-Cabane-Marc-Isenschmid-ebook\/dp\/B077LVCQB1\" target=\"_blank\" rel=\"noreferrer noopener\" aria-label=\"Lien vers mon livre (s\u2019ouvre dans un nouvel onglet)\">Lien vers mon livre<\/a><\/p>\n\n\n\n<p class=\"wp-block-paragraph\">Mon but est d&rsquo;\u00e9crire une s\u00e9rie d&rsquo;histoires courtes du m\u00eame type. Merci pour vos commentaires et pour vos encouragements si ce genre de livre rencontre vos attentes.<\/p>\n\n\n\n<p class=\"has-medium-font-size wp-block-paragraph\"><strong>Attention CADEAU! <\/strong><\/p>\n\n\n\n<p class=\"has-background wp-block-paragraph\" style=\"background-color:#b5ff00\">Si vous ajoutez un commentaire sur <a href=\"https:\/\/www.amazon.fr\/Ma-Cabane-Marc-Isenschmid-ebook\/dp\/B077LVCQB1\">l<\/a><a href=\"https:\/\/www.amazon.fr\/Ma-Cabane-Marc-Isenschmid-ebook\/dp\/B077LVCQB1\" target=\"_blank\" rel=\"noreferrer noopener\" aria-label=\"a page Amazon de mon livre (s\u2019ouvre dans un nouvel onglet)\">a page Amazon de mon livre<\/a>, que ce soit sur Amazon.fr, .com, ou autre, vous recevrez en cadeau un fichier audio de mon livre lu par Pierre Alain de Garrigues lui-m\u00eame. Pierre Alain est la voix que les fran\u00e7ais connaissent bien, il a fait \u00e9norm\u00e9ment de publicit\u00e9 pour la t\u00e9l\u00e9vision, mais aussi des voix pour les jeux vid\u00e9os, pour des films et pour certaines \u00e9missions t\u00e9l\u00e9vision comme Bienvenue chez vous (jusqu&rsquo;en 2018). Donc n&rsquo;h\u00e9sitez pas! Ecrivez un commentaire sympa pour inciter d&rsquo;autres lecteur \u00e0 me lire et faites m&rsquo;en part, je vous enverrais le fichier audio, vos enfants en raffoleront&#8230;<\/p>\n\n\n\n<p class=\"wp-block-paragraph\"><strong>EXTRAIT<\/strong><\/p>\n\n\n\n<p class=\"wp-block-paragraph\"><em>Aramis est un gar\u00e7on de 7 ans, il n\u2019a pas de fr\u00e8res et soeurs et vit avec son<br>p\u00e8re et sa m\u00e8re dans une maison pas tr\u00e8s loin d\u2019une grande ville. Aramis aime bien : aller \u00e0 l\u2019\u00e9cole, jouer \u00e0 la tablette, voir des films sur Netflix ou jouer \u00e0 des jeux avec<br>ses copains. Aramis a trois meilleurs amis. Le premier s\u2019appelle \u00ab Grand<br>Jacques \u00bb, ses copains l\u2019appellent comme \u00e7a parce qu\u2019il a 8 ans, est super grand et sait toujours tout sur tout.<br>Son deuxi\u00e8me meilleur ami c\u2019est \u00ab le Lutin \u00bb, qui s\u2019appelle en fait Th\u00e9ophile,<br>mais comme il ressemble \u00e0 un lutin avec ses grandes oreilles, son grand nez et sa petite taille et que Th\u00e9ophile c\u2019est vraiment trop bizarre comme pr\u00e9nom, ses copains pr\u00e9f\u00e8rent l\u2019appeler le Lutin. Lui r\u00e2le pas contre son surnom, pourtant il est super r\u00e2leur le Lutin. Alors tout le monde pense qu\u2019il doit bien l\u2019aimer. Le Lutin se bat souvent, veut jamais avoir tort et il aime pas les filles.<br>Enfin son troisi\u00e8me meilleur ami c\u2019est \u00ab Louis dit oui \u00bb qui dit toujours oui \u00e0<br>tout. Il a pas d\u2019avis et suit toujours l\u2019avis des autres, en particulier celui d\u2019Aramis, ce qui fait que Aramis l\u2019aime bien.<br>Un jour de septembre, juste apr\u00e8s la rentr\u00e9e scolaire, Grand Jacques invite Aramis \u00e0 jouer dans sa nouvelle cabane trop super g\u00e9niale dans les arbres. C\u2019est son papa qui la lui a pay\u00e9e parce que cet \u00e9t\u00e9, il a pas beaucoup \u00e9t\u00e9 l\u00e0 son papa, \u00e0 cause de son travail et Jacques s\u2019est beaucoup ennuy\u00e9 vu que ses parents sont divorc\u00e9s et que c\u2019est son papa qui devait s\u2019occuper de lui. Alors, pour se faire pardonner, son papa lui a fait construire une cabane dans le plus grand arbre de sa propri\u00e9t\u00e9.<br>La cabane est trop g\u00e9niale, m\u00e9ga cool.<br>Vraiment trop dingue !<\/em><\/p>\n","protected":false},"excerpt":{"rendered":"<p>Ma Cabane est une histoire du soir pour les enfants. Elle raconte avec humour les \u00e9v\u00e9nements habituels de la vie de petits gar\u00e7ons en 2017. Le but de cette histoire est de faire comprendre certains concepts aux enfants tels que : la pers\u00e9v\u00e9rance, la souffrance \u00e9motionnelle, l&rsquo;ins\u00e9curit\u00e9 qui vient du monde des adultes, la jalousie,&#8230;<\/p>\n","protected":false},"author":1,"featured_media":933,"parent":10,"menu_order":0,"comment_status":"closed","ping_status":"closed","template":"","meta":{"_kad_post_transparent":"","_kad_post_title":"","_kad_post_layout":"left","_kad_post_sidebar_id":"sidebar-secondary","_kad_post_content_style":"","_kad_post_vertical_padding":"","_kad_post_feature":"","_kad_post_feature_position":"","_kad_post_header":false,"_kad_post_footer":false,"_kad_post_classname":"","footnotes":""},"class_list":["post-906","page","type-page","status-publish","has-post-thumbnail","hentry"],"_links":{"self":[{"href":"https:\/\/new.guerir.ch\/index.php?rest_route=\/wp\/v2\/pages\/906","targetHints":{"allow":["GET"]}}],"collection":[{"href":"https:\/\/new.guerir.ch\/index.php?rest_route=\/wp\/v2\/pages"}],"about":[{"href":"https:\/\/new.guerir.ch\/index.php?rest_route=\/wp\/v2\/types\/page"}],"author":[{"embeddable":true,"href":"https:\/\/new.guerir.ch\/index.php?rest_route=\/wp\/v2\/users\/1"}],"replies":[{"embeddable":true,"href":"https:\/\/new.guerir.ch\/index.php?rest_route=%2Fwp%2Fv2%2Fcomments&post=906"}],"version-history":[{"count":5,"href":"https:\/\/new.guerir.ch\/index.php?rest_route=\/wp\/v2\/pages\/906\/revisions"}],"predecessor-version":[{"id":1195,"href":"https:\/\/new.guerir.ch\/index.php?rest_route=\/wp\/v2\/pages\/906\/revisions\/1195"}],"up":[{"embeddable":true,"href":"https:\/\/new.guerir.ch\/index.php?rest_route=\/wp\/v2\/pages\/10"}],"wp:featuredmedia":[{"embeddable":true,"href":"https:\/\/new.guerir.ch\/index.php?rest_route=\/wp\/v2\/media\/933"}],"wp:attachment":[{"href":"https:\/\/new.guerir.ch\/index.php?rest_route=%2Fwp%2Fv2%2Fmedia&parent=906"}],"curies":[{"name":"wp","href":"https:\/\/api.w.org\/{rel}","templated":true}]}}

<div class="wp-block-image">
<figure class="alignleft is-resized"><a href="https://www.amazon.fr/Ma-Cabane-Marc-Isenschmid-ebook/dp/B077LVCQB1" target="_blank" rel="noreferrer noopener"><img loading="lazy" decoding="async" src="http://www.guerir.ch/wordpress/wp-content/uploads/2019/01/couverture_ma_cabane-1-640x1024.jpg" alt="Jaquette Ma Cabane" class="wp-image-908" width="200" height="256"/></a></figure>
</div>


<p class="has-drop-cap wp-block-paragraph">Ma Cabane est une histoire du soir pour les enfants. Elle raconte avec humour les événements habituels de la vie de petits garçons en 2017. Le but de cette histoire est de faire comprendre certains concepts aux enfants tels que : la persévérance, la souffrance émotionnelle, l&rsquo;insécurité qui vient du monde des adultes, la jalousie, le pardon, l&#8217;empathie etc. C&rsquo;est une histoire psychologique qui je l&rsquo;espère permettra aux enfants de mieux comprendre certaines de leurs problématiques ou celles de leur copains ou de leur parents. Parfois une histoire est plus efficace que nos explications car elle emmène l&rsquo;enfant dans un monde imaginaire sécurisant qui leur permet de mieux comprendre ce qu&rsquo;ils vivent eux-mêmes. <a href="https://www.amazon.fr/Ma-Cabane-Marc-Isenschmid-ebook/dp/B077LVCQB1" target="_blank" rel="noreferrer noopener" aria-label="Lien vers mon livre (s’ouvre dans un nouvel onglet)">Lien vers mon livre</a></p>



<p class="wp-block-paragraph">Mon but est d&rsquo;écrire une série d&rsquo;histoires courtes du même type. Merci pour vos commentaires et pour vos encouragements si ce genre de livre rencontre vos attentes.</p>



<p class="has-medium-font-size wp-block-paragraph"><strong>Attention CADEAU! </strong></p>



<p class="has-background wp-block-paragraph" style="background-color:#b5ff00">Si vous ajoutez un commentaire sur <a href="https://www.amazon.fr/Ma-Cabane-Marc-Isenschmid-ebook/dp/B077LVCQB1">l</a><a href="https://www.amazon.fr/Ma-Cabane-Marc-Isenschmid-ebook/dp/B077LVCQB1" target="_blank" rel="noreferrer noopener" aria-label="a page Amazon de mon livre (s’ouvre dans un nouvel onglet)">a page Amazon de mon livre</a>, que ce soit sur Amazon.fr, .com, ou autre, vous recevrez en cadeau un fichier audio de mon livre lu par Pierre Alain de Garrigues lui-même. Pierre Alain est la voix que les français connaissent bien, il a fait énormément de publicité pour la télévision, mais aussi des voix pour les jeux vidéos, pour des films et pour certaines émissions télévision comme Bienvenue chez vous (jusqu&rsquo;en 2018). Donc n&rsquo;hésitez pas! Ecrivez un commentaire sympa pour inciter d&rsquo;autres lecteur à me lire et faites m&rsquo;en part, je vous enverrais le fichier audio, vos enfants en raffoleront&#8230;</p>



<p class="wp-block-paragraph"><strong>EXTRAIT</strong></p>



<p class="wp-block-paragraph"><em>Aramis est un garçon de 7 ans, il n’a pas de frères et soeurs et vit avec son<br>père et sa mère dans une maison pas très loin d’une grande ville. Aramis aime bien : aller à l’école, jouer à la tablette, voir des films sur Netflix ou jouer à des jeux avec<br>ses copains. Aramis a trois meilleurs amis. Le premier s’appelle « Grand<br>Jacques », ses copains l’appellent comme ça parce qu’il a 8 ans, est super grand et sait toujours tout sur tout.<br>Son deuxième meilleur ami c’est « le Lutin », qui s’appelle en fait Théophile,<br>mais comme il ressemble à un lutin avec ses grandes oreilles, son grand nez et sa petite taille et que Théophile c’est vraiment trop bizarre comme prénom, ses copains préfèrent l’appeler le Lutin. Lui râle pas contre son surnom, pourtant il est super râleur le Lutin. Alors tout le monde pense qu’il doit bien l’aimer. Le Lutin se bat souvent, veut jamais avoir tort et il aime pas les filles.<br>Enfin son troisième meilleur ami c’est « Louis dit oui » qui dit toujours oui à<br>tout. Il a pas d’avis et suit toujours l’avis des autres, en particulier celui d’Aramis, ce qui fait que Aramis l’aime bien.<br>Un jour de septembre, juste après la rentrée scolaire, Grand Jacques invite Aramis à jouer dans sa nouvelle cabane trop super géniale dans les arbres. C’est son papa qui la lui a payée parce que cet été, il a pas beaucoup été là son papa, à cause de son travail et Jacques s’est beaucoup ennuyé vu que ses parents sont divorcés et que c’est son papa qui devait s’occuper de lui. Alors, pour se faire pardonner, son papa lui a fait construire une cabane dans le plus grand arbre de sa propriété.<br>La cabane est trop géniale, méga cool.<br>Vraiment trop dingue !</em></p>

<p>Ma Cabane est une histoire du soir pour les enfants. Elle raconte avec humour les événements habituels de la vie de petits garçons en 2017. Le but de cette histoire est de faire comprendre certains concepts aux enfants tels que : la persévérance, la souffrance émotionnelle, l&rsquo;insécurité qui vient du monde des adultes, la jalousie,&#8230;</p>
