{"id":932,"date":"2019-04-30T11:17:39","date_gmt":"2019-04-30T09:17:39","guid":{"rendered":"http:\/\/www.guerir.ch\/?page_id=932"},"modified":"2026-09-06T00:00:30","modified_gmt":"2026-09-05T22:00:30","slug":"mes-publications","status":"publish","type":"page","link":"https:\/\/new.guerir.ch\/?page_id=932","title":{"rendered":"Mes publications"},"content":{"rendered":"\n<p class=\"wp-block-paragraph\" style=\"color:#3F4046;font-size:17px;line-height:1.72\">Vous trouverez ci-dessous des articles et des vid\u00e9os que j\u2019ai publi\u00e9s pour des magazines ou pour ma cha\u00eene YouTube, ainsi que des articles pratiques sur la psychologie, les rem\u00e8des et les maladies.<\/p>\n\n<div class=\"wp-block-group has-border-color has-background\" style=\"border-color:#E7DFCF;border-width:1px;border-radius:4px;background-color:#ffffff;margin-top:2.2rem;margin-bottom:2.2rem;padding:28px 30px\"><div class=\"wp-block-group__inner-container is-layout-constrained wp-container-core-group-is-layout-0758d244 wp-block-group-is-layout-constrained\">\n<h3 class=\"wp-block-heading\" style=\"color:#8C8579;margin-bottom:1.1rem;font-size:13px;font-style:normal;font-weight:600;letter-spacing:0.09em;text-transform:uppercase\">Articles parus dans Recto-Verseau, magazine de sant\u00e9 suisse<\/h3>\n\n<ul class=\"wp-block-list\" style=\"font-size:16px;line-height:2\">\n<li><a href=\"\/?p=1261\">Les chakras : des moteurs \u00e9nerg\u00e9tiques pr\u00e9cieux<\/a><\/li>\n\n<li><a href=\"\/?p=1080\">Le bon, la brute et le truand<\/a><\/li>\n\n<li><a href=\"\/?p=966\">D\u00e9pression : comment la compr\u00e9hension de cette maladie peut vous aider \u00e0 gu\u00e9rir<\/a><\/li>\n\n<li><a href=\"\/?p=943\">Au-del\u00e0 de vos croyances : la v\u00e9rit\u00e9 et la magie<\/a><\/li>\n\n<li><a href=\"\/?p=935\">Blessures \u00e9motionnelles : vous donnez-vous les moyens de gu\u00e9rir ?<\/a><\/li>\n<\/ul>\n<\/div><\/div>\n\n<div class=\"wp-block-group has-border-color has-background\" style=\"border-color:#E7DFCF;border-width:1px;border-radius:4px;background-color:#F5EEE1;margin-top:2.2rem;margin-bottom:2.2rem;padding:28px 30px\"><div class=\"wp-block-group__inner-container is-layout-constrained wp-container-core-group-is-layout-0758d244 wp-block-group-is-layout-constrained\">\n<h3 class=\"wp-block-heading\" style=\"color:#8C8579;margin-bottom:1.1rem;font-size:13px;font-style:normal;font-weight:600;letter-spacing:0.09em;text-transform:uppercase\">Mes vid\u00e9os les plus r\u00e9centes<\/h3>\n\n<p class=\"wp-block-paragraph\" style=\"color:#3F4046;font-size:16px;line-height:1.72\">Mes six derni\u00e8res publications, de la plus r\u00e9cente \u00e0 la plus ancienne. Chacune se lit sur place.<\/p>\n\n<div style=\"display:grid;grid-template-columns:repeat(auto-fit,minmax(150px,1fr));gap:16px\">\n<figure style=\"margin:0\">\n<div style=\"aspect-ratio:9\/16;border-radius:4px;overflow:hidden;background:#1F2333\">\n<iframe style=\"width:100%;height:100%;border:0;display:block\" src=\"https:\/\/www.youtube.com\/embed\/j2VfHPI0CbE\" title=\"Lib\u00e9rez-vous de la d\u00e9pendance aux \u00e9crans\" loading=\"lazy\" allowfullscreen allow=\"accelerometer; clipboard-write; encrypted-media; gyroscope; picture-in-picture; web-share\"><\/iframe><\/div>\n<figcaption style=\"margin-top:.6rem;font-size:13px;line-height:1.4;color:#3F4046\">Lib\u00e9rez-vous de la d\u00e9pendance aux \u00e9crans<br><span style=\"color:#8C8579\">28 ao\u00fbt 2026<\/span><\/figcaption><\/figure>\n<figure style=\"margin:0\">\n<div style=\"aspect-ratio:9\/16;border-radius:4px;overflow:hidden;background:#1F2333\">\n<iframe style=\"width:100%;height:100%;border:0;display:block\" src=\"https:\/\/www.youtube.com\/embed\/gLe81Jmt8cs\" title=\"Que sont les croyances ?\" loading=\"lazy\" allowfullscreen allow=\"accelerometer; clipboard-write; encrypted-media; gyroscope; picture-in-picture; web-share\"><\/iframe><\/div>\n<figcaption style=\"margin-top:.6rem;font-size:13px;line-height:1.4;color:#3F4046\">Que sont les croyances ?<br><span style=\"color:#8C8579\">17 avril 2026<\/span><\/figcaption><\/figure>\n<figure style=\"margin:0\">\n<div style=\"aspect-ratio:9\/16;border-radius:4px;overflow:hidden;background:#1F2333\">\n<iframe style=\"width:100%;height:100%;border:0;display:block\" src=\"https:\/\/www.youtube.com\/embed\/VxuaE9DxNsQ\" title=\"Awakening the Core\" loading=\"lazy\" allowfullscreen allow=\"accelerometer; clipboard-write; encrypted-media; gyroscope; picture-in-picture; web-share\"><\/iframe><\/div>\n<figcaption style=\"margin-top:.6rem;font-size:13px;line-height:1.4;color:#3F4046\">Awakening the Core<br><span style=\"color:#8C8579\">4 f\u00e9vrier 2026<\/span><\/figcaption><\/figure>\n<figure style=\"margin:0\">\n<div style=\"aspect-ratio:9\/16;border-radius:4px;overflow:hidden;background:#1F2333\">\n<iframe style=\"width:100%;height:100%;border:0;display:block\" src=\"https:\/\/www.youtube.com\/embed\/hVVJyLAOE0s\" title=\"Le r\u00e9veil de votre puissance\" loading=\"lazy\" allowfullscreen allow=\"accelerometer; clipboard-write; encrypted-media; gyroscope; picture-in-picture; web-share\"><\/iframe><\/div>\n<figcaption style=\"margin-top:.6rem;font-size:13px;line-height:1.4;color:#3F4046\">Le r\u00e9veil de votre puissance<br><span style=\"color:#8C8579\">2 f\u00e9vrier 2026<\/span><\/figcaption><\/figure>\n<figure style=\"margin:0\">\n<div style=\"aspect-ratio:9\/16;border-radius:4px;overflow:hidden;background:#1F2333\">\n<iframe style=\"width:100%;height:100%;border:0;display:block\" src=\"https:\/\/www.youtube.com\/embed\/HxqwYhaUa6Y\" title=\"R\u00e9veillez votre puissance 3\/3\" loading=\"lazy\" allowfullscreen allow=\"accelerometer; clipboard-write; encrypted-media; gyroscope; picture-in-picture; web-share\"><\/iframe><\/div>\n<figcaption style=\"margin-top:.6rem;font-size:13px;line-height:1.4;color:#3F4046\">R\u00e9veillez votre puissance 3\/3<br><span style=\"color:#8C8579\">1 f\u00e9vrier 2026<\/span><\/figcaption><\/figure>\n<figure style=\"margin:0\">\n<div style=\"aspect-ratio:9\/16;border-radius:4px;overflow:hidden;background:#1F2333\">\n<iframe style=\"width:100%;height:100%;border:0;display:block\" src=\"https:\/\/www.youtube.com\/embed\/BPmMtwoW05E\" title=\"R\u00e9veillez votre puissance 2\/3\" loading=\"lazy\" allowfullscreen allow=\"accelerometer; clipboard-write; encrypted-media; gyroscope; picture-in-picture; web-share\"><\/iframe><\/div>\n<figcaption style=\"margin-top:.6rem;font-size:13px;line-height:1.4;color:#3F4046\">R\u00e9veillez votre puissance 2\/3<br><span style=\"color:#8C8579\">1 f\u00e9vrier 2026<\/span><\/figcaption><\/figure>\n<\/div>\n\n\n<p class=\"wp-block-paragraph\" style=\"color:#3F4046;font-size:16px;line-height:1.72\"><a href=\"https:\/\/www.youtube.com\/@portesdeconscience\" target=\"_blank\" rel=\"noopener\"><strong>Voir toutes les vid\u00e9os sur ma cha\u00eene \u2192<\/strong><\/a><\/p>\n<\/div><\/div>\n","protected":false},"excerpt":{"rendered":"<p>Vous trouverez ci-dessous des articles et des vid\u00e9os que j\u2019ai publi\u00e9s pour des magazines ou pour ma cha\u00eene YouTube, ainsi que des articles pratiques sur la psychologie, les rem\u00e8des et les maladies. Articles parus dans Recto-Verseau, magazine de sant\u00e9 suisse Mes vid\u00e9os les plus r\u00e9centes Mes six derni\u00e8res publications, de la plus r\u00e9cente \u00e0 la&#8230;<\/p>\n","protected":false},"author":1,"featured_media":821,"parent":0,"menu_order":0,"comment_status":"closed","ping_status":"closed","template":"","meta":{"_kad_post_transparent":"","_kad_post_title":"","_kad_post_layout":"left","_kad_post_sidebar_id":"sidebar-secondary","_kad_post_content_style":"","_kad_post_vertical_padding":"","_kad_post_feature":"","_kad_post_feature_position":"","_kad_post_header":false,"_kad_post_footer":false,"_kad_post_classname":"","footnotes":""},"class_list":["post-932","page","type-page","status-publish","has-post-thumbnail","hentry"],"_links":{"self":[{"href":"https:\/\/new.guerir.ch\/index.php?rest_route=\/wp\/v2\/pages\/932","targetHints":{"allow":["GET"]}}],"collection":[{"href":"https:\/\/new.guerir.ch\/index.php?rest_route=\/wp\/v2\/pages"}],"about":[{"href":"https:\/\/new.guerir.ch\/index.php?rest_route=\/wp\/v2\/types\/page"}],"author":[{"embeddable":true,"href":"https:\/\/new.guerir.ch\/index.php?rest_route=\/wp\/v2\/users\/1"}],"replies":[{"embeddable":true,"href":"https:\/\/new.guerir.ch\/index.php?rest_route=%2Fwp%2Fv2%2Fcomments&post=932"}],"version-history":[{"count":33,"href":"https:\/\/new.guerir.ch\/index.php?rest_route=\/wp\/v2\/pages\/932\/revisions"}],"predecessor-version":[{"id":4465,"href":"https:\/\/new.guerir.ch\/index.php?rest_route=\/wp\/v2\/pages\/932\/revisions\/4465"}],"wp:featuredmedia":[{"embeddable":true,"href":"https:\/\/new.guerir.ch\/index.php?rest_route=\/wp\/v2\/media\/821"}],"wp:attachment":[{"href":"https:\/\/new.guerir.ch\/index.php?rest_route=%2Fwp%2Fv2%2Fmedia&parent=932"}],"curies":[{"name":"wp","href":"https:\/\/api.w.org\/{rel}","templated":true}]}}

<p class="wp-block-paragraph" style="color:#3F4046;font-size:17px;line-height:1.72">Vous trouverez ci-dessous des articles et des vidéos que j’ai publiés pour des magazines ou pour ma chaîne YouTube, ainsi que des articles pratiques sur la psychologie, les remèdes et les maladies.</p>

<div class="wp-block-group has-border-color has-background" style="border-color:#E7DFCF;border-width:1px;border-radius:4px;background-color:#ffffff;margin-top:2.2rem;margin-bottom:2.2rem;padding:28px 30px"><div class="wp-block-group__inner-container is-layout-constrained wp-container-core-group-is-layout-0758d244 wp-block-group-is-layout-constrained">
<h3 class="wp-block-heading" style="color:#8C8579;margin-bottom:1.1rem;font-size:13px;font-style:normal;font-weight:600;letter-spacing:0.09em;text-transform:uppercase">Articles parus dans Recto-Verseau, magazine de santé suisse</h3>

<ul class="wp-block-list" style="font-size:16px;line-height:2">
<li><a href="/?p=1261">Les chakras : des moteurs énergétiques précieux</a></li>

<li><a href="/?p=1080">Le bon, la brute et le truand</a></li>

<li><a href="/?p=966">Dépression : comment la compréhension de cette maladie peut vous aider à guérir</a></li>

<li><a href="/?p=943">Au-delà de vos croyances : la vérité et la magie</a></li>

<li><a href="/?p=935">Blessures émotionnelles : vous donnez-vous les moyens de guérir ?</a></li>
</ul>
</div></div>

<div class="wp-block-group has-border-color has-background" style="border-color:#E7DFCF;border-width:1px;border-radius:4px;background-color:#F5EEE1;margin-top:2.2rem;margin-bottom:2.2rem;padding:28px 30px"><div class="wp-block-group__inner-container is-layout-constrained wp-container-core-group-is-layout-0758d244 wp-block-group-is-layout-constrained">
<h3 class="wp-block-heading" style="color:#8C8579;margin-bottom:1.1rem;font-size:13px;font-style:normal;font-weight:600;letter-spacing:0.09em;text-transform:uppercase">Mes vidéos les plus récentes</h3>

<p class="wp-block-paragraph" style="color:#3F4046;font-size:16px;line-height:1.72">Mes six dernières publications, de la plus récente à la plus ancienne. Chacune se lit sur place.</p>

<div style="display:grid;grid-template-columns:repeat(auto-fit,minmax(150px,1fr));gap:16px">
<figure style="margin:0">
<div style="aspect-ratio:9/16;border-radius:4px;overflow:hidden;background:#1F2333">
<iframe style="width:100%;height:100%;border:0;display:block" src="https://www.youtube.com/embed/j2VfHPI0CbE" title="Libérez-vous de la dépendance aux écrans" loading="lazy" allowfullscreen allow="accelerometer; clipboard-write; encrypted-media; gyroscope; picture-in-picture; web-share"></iframe></div>
<figcaption style="margin-top:.6rem;font-size:13px;line-height:1.4;color:#3F4046">Libérez-vous de la dépendance aux écrans<br><span style="color:#8C8579">28 août 2026</span></figcaption></figure>
<figure style="margin:0">
<div style="aspect-ratio:9/16;border-radius:4px;overflow:hidden;background:#1F2333">
<iframe style="width:100%;height:100%;border:0;display:block" src="https://www.youtube.com/embed/gLe81Jmt8cs" title="Que sont les croyances ?" loading="lazy" allowfullscreen allow="accelerometer; clipboard-write; encrypted-media; gyroscope; picture-in-picture; web-share"></iframe></div>
<figcaption style="margin-top:.6rem;font-size:13px;line-height:1.4;color:#3F4046">Que sont les croyances ?<br><span style="color:#8C8579">17 avril 2026</span></figcaption></figure>
<figure style="margin:0">
<div style="aspect-ratio:9/16;border-radius:4px;overflow:hidden;background:#1F2333">
<iframe style="width:100%;height:100%;border:0;display:block" src="https://www.youtube.com/embed/VxuaE9DxNsQ" title="Awakening the Core" loading="lazy" allowfullscreen allow="accelerometer; clipboard-write; encrypted-media; gyroscope; picture-in-picture; web-share"></iframe></div>
<figcaption style="margin-top:.6rem;font-size:13px;line-height:1.4;color:#3F4046">Awakening the Core<br><span style="color:#8C8579">4 février 2026</span></figcaption></figure>
<figure style="margin:0">
<div style="aspect-ratio:9/16;border-radius:4px;overflow:hidden;background:#1F2333">
<iframe style="width:100%;height:100%;border:0;display:block" src="https://www.youtube.com/embed/hVVJyLAOE0s" title="Le réveil de votre puissance" loading="lazy" allowfullscreen allow="accelerometer; clipboard-write; encrypted-media; gyroscope; picture-in-picture; web-share"></iframe></div>
<figcaption style="margin-top:.6rem;font-size:13px;line-height:1.4;color:#3F4046">Le réveil de votre puissance<br><span style="color:#8C8579">2 février 2026</span></figcaption></figure>
<figure style="margin:0">
<div style="aspect-ratio:9/16;border-radius:4px;overflow:hidden;background:#1F2333">
<iframe style="width:100%;height:100%;border:0;display:block" src="https://www.youtube.com/embed/HxqwYhaUa6Y" title="Réveillez votre puissance 3/3" loading="lazy" allowfullscreen allow="accelerometer; clipboard-write; encrypted-media; gyroscope; picture-in-picture; web-share"></iframe></div>
<figcaption style="margin-top:.6rem;font-size:13px;line-height:1.4;color:#3F4046">Réveillez votre puissance 3/3<br><span style="color:#8C8579">1 février 2026</span></figcaption></figure>
<figure style="margin:0">
<div style="aspect-ratio:9/16;border-radius:4px;overflow:hidden;background:#1F2333">
<iframe style="width:100%;height:100%;border:0;display:block" src="https://www.youtube.com/embed/BPmMtwoW05E" title="Réveillez votre puissance 2/3" loading="lazy" allowfullscreen allow="accelerometer; clipboard-write; encrypted-media; gyroscope; picture-in-picture; web-share"></iframe></div>
<figcaption style="margin-top:.6rem;font-size:13px;line-height:1.4;color:#3F4046">Réveillez votre puissance 2/3<br><span style="color:#8C8579">1 février 2026</span></figcaption></figure>
</div>


<p class="wp-block-paragraph" style="color:#3F4046;font-size:16px;line-height:1.72"><a href="https://www.youtube.com/@portesdeconscience" target="_blank" rel="noopener"><strong>Voir toutes les vidéos sur ma chaîne →</strong></a></p>
</div></div>

<p>Vous trouverez ci-dessous des articles et des vidéos que j’ai publiés pour des magazines ou pour ma chaîne YouTube, ainsi que des articles pratiques sur la psychologie, les remèdes et les maladies. Articles parus dans Recto-Verseau, magazine de santé suisse Mes vidéos les plus récentes Mes six dernières publications, de la plus récente à la&#8230;</p>
